{"id":51,"date":"2016-05-31T20:23:51","date_gmt":"2016-05-31T20:23:51","guid":{"rendered":"http:\/\/labs.icahn.mssm.edu\/sahoolab\/?page_id=51"},"modified":"2022-07-29T20:19:05","modified_gmt":"2022-07-29T20:19:05","slug":"publications","status":"publish","type":"page","link":"https:\/\/labs.icahn.mssm.edu\/sahoolab\/publications\/","title":{"rendered":"Publications"},"content":{"rendered":"<ul>\n<li>Chen TY, Gonzalez-Kozlova E, Soleymani T, La Salvia S, Kyprianou N, Sahoo S, Tewari AK, Cordon-Cardo C, Stolovitzky G, Dogra N. <span style=\"color: #993300\"><strong>Extracellular vesicles carry distinct proteo-transcriptomic signatures that are different from their cancer cell of origin<\/strong><\/span>. iScience. 2022 May 18;25(6):104414. doi: 10.1016\/j.isci.2022.104414. PMID: 35663013; PMCID: PMC9157216.<\/li>\n<li>Salomon C, Das S, Erdbr\u00fcgger U, Kalluri R, Kiang Lim S, Olefsky JM, Rice GE, Sahoo S, Andy Tao W, Vader P, Wang Q, Weaver AM. <span style=\"color: #993300\"><strong>Extracellular Vesicles and Their Emerging Roles as Cellular Messengers in Endocrinology: An Endocrine Society Scientific Statement<\/strong><\/span>. Endocr Rev. 2022 May 12;43(3):441-468. doi: 10.1210\/endrev\/bnac009. PMID: 35552682.<\/li>\n<li>Davidson SM, Boulanger CM, Aikawa E, Badimon L, Barile L, Binder CJ, Brisson A, Buzas E, Emanueli C, Jansen F, Katsur M, Lacroix R, Lim SK, Mackman N, Mayr M, Menasch\u00e9 P, Nieuwland R, Sahoo S, Takov K, Thum T, Vader P, Wauben MHM, Witwer K, Sluijter JPG. <span style=\"color: #993300\"><strong>Methods for the identification and characterization of extracellular vesicles in cardiovascular studies &#8211; from exosomes to microvesicles<\/strong><\/span>. Cardiovasc Res. 2022 Mar 24:cvac031. doi: 10.1093\/cvr\/cvac031. Epub ahead of print. PMID: 35325061.<\/li>\n<li>Lopez-Gordo E, Orlowski A, Wang A, Weinberg A, Sahoo S, Weber T. Hydroxylation of\u00a0<i>N<\/i>-acetylneuraminic <span style=\"color: #993300\"><strong>Acid Influences the\u00a0<i>in vivo<\/i>\u00a0Tropism of\u00a0<i>N<\/i>-linked Sialic Acid-Binding Adeno-Associated Viruses AAV1, AAV5, and AAV6. Front Med (Lausanne)<\/strong><\/span>. 2021 Dec 21;8:732095. doi: 10.3389\/fmed.2021.732095. PMID: 35036407; PMCID: PMC8757481.<\/li>\n<li>Witwer KW, Goberdhan DC, O&#8217;Driscoll L, Th\u00e9ry C, Welsh JA, Blenkiron C, Buz\u00e1s EI, Di Vizio D, Erdbr\u00fcgger U, Falc\u00f3n-P\u00e9rez JM, Fu QL, Hill AF, Lenassi M, L\u00f6tvall J, Nieuwland R, Ochiya T, Rome S, Sahoo S, Zheng L. <span style=\"color: #993300\"><strong>Updating MISEV: Evolving the minimal requirements for studies of extracellular vesicles<\/strong><\/span>. J Extracell Vesicles. 2021 Dec;10(14):e12182. doi: 10.1002\/jev2.12182. PMID: 34953156; PMCID: PMC8710080.<\/li>\n<li>Sherman CD, Lodha S, Sahoo S. <strong><span style=\"color: #993300\">EV Cargo Sorting in Therapeutic Development for Cardiovascular Disease<\/span><\/strong>. Cells. 2021 Jun 15;10(6):1500. doi: 10.3390\/cells10061500. PMID: 34203713; PMCID: PMC8232200.<\/li>\n<li>Bisserier M, Mathiyalagan P, Zhang S, Elmastour F, Dorfm\u00fcller P, Humbert M, David G, Tarzami S, Weber T, Perros F, Sassi Y, Sahoo S, Hadri L. <span style=\"color: #993300\"><strong>Regulation of the Methylation and Expression Levels of the BMPR2 Gene by SIN3a as a Novel Therapeutic Mechanism in Pulmonary Arterial Hypertension<\/strong><\/span>. Circulation. 2021 Jul 6;144(1):52-73. doi:10.1161\/CIRCULATIONAHA.120.047978. Epub 2021 Jun 3. PMID: 34078089; PMCID: PMC8293289.<\/li>\n<li>Magadum A, Singh N, Kurian AA, Sharkar MTK, Sultana N, Chepurko E, Kaur K, \u017bak MM, Hadas Y, Lebeche D, Sahoo S, Hajjar R, Zangi L. <span style=\"color: #993300\"><strong>Therapeutic Delivery of Pip4k2c-Modified mRNA Attenuates Cardiac Hypertrophy and Fibrosis in the Failing Heart<\/strong><\/span>. Adv Sci (Weinh). 2021 Mar 12;8(10):2004661. doi: 10.1002\/advs.202004661. PMID: 34026458; PMCID: PMC8132051.<\/li>\n<li>Sahoo S, Adamiak M, Mathiyalagan P, Kenneweg F, Kafert-Kasting S, Thum T. <strong><span style=\"color: #993300\">Therapeutic and Diagnostic Translation of Extracellular Vesicles in Cardiovascular Diseases: Roadmap to the Clinic.<\/span><\/strong> Circulation. 2021 Apr 6;143(14):1426-1449. doi: 10.1161\/CIRCULATIONAHA.120.049254. Epub 2021 Apr 5. PMID: 33819075; PMCID: PMC8021236.<\/li>\n<li>Aday S, Hazan-Halevy I, Chamorro-Jorganes A, Anwar M, Goldsmith M, Beazley-Long N, Sahoo S, Dogra N, Sweaad W, Catapano F, Ozaki-Tan S, Angelini GD, Madeddu P, Benest AV, Peer D, Emanueli C. <span style=\"color: #993300\"><strong>Bioinspired artificial exosomes based on lipid nanoparticles carrying let-7b-5p promote angiogenesis in\u00a0vitro and in\u00a0vivo<\/strong><\/span>. Mol Ther. 2021 Jul 7;29(7):2239-2252. doi: 10.1016\/j.ymthe.2021.03.015. Epub 2021 Mar 18. PMID: 33744469; PMCID: PMC8261169.<\/li>\n<li>Sahoo S, Kariya T, Ishikawa K. <strong><span style=\"color: #993300\">Targeted delivery of therapeutic agents to the heart<\/span><\/strong> [published online ahead of print, 2021 Jan 26]. <em>Nat Rev Cardiol<\/em>. 2021;10.1038\/s41569-020-00499-9. doi:10.1038\/s41569-020-00499-9<\/li>\n<li>Sahoo S. <span style=\"color: #993300\"><strong>METTL3-Regulated m<sup>6<\/sup>A Epitranscriptome Plasticity in Pathological Angiogenesis.<\/strong><\/span> Mol Ther. 2020 Oct 7;28(10):2105-2107. doi: 10.1016\/j.ymthe.2020.09.018. Epub 2020 Sep 23. PMID: 32966773; PMCID: PMC7544999.<\/li>\n<li>Oh JG, Lee P, Gordon RE, Sahoo S, Kho C, Jeong D. <strong><span style=\"color: #993300\">Analysis of extracellular vesicle miRNA profiles in heart failure.<\/span><\/strong> J Cell Mol Med. 2020 Jul;24(13):7214-7227. doi: 10.1111\/jcmm.15251. Epub 2020 Jun 2. PMID: 32485073; PMCID: PMC7339231.<\/li>\n<li>de Abreu RC, Fernandes H, da Costa Martins PA, Sahoo S, Emanueli C, Ferreira L. <strong><span style=\"color: #993300\">Native and bioengineered extracellular vesicles for cardiovascular therapeutics.<\/span><\/strong> Nat Rev Cardiol. 2020 Nov;17(11):685-697. doi: 10.1038\/s41569-020-0389-5. Epub 2020 Jun 1. PMID: 32483304.<\/li>\n<li>Soekmadji C, Hill AF, Wauben MH, Buz\u00e1s EI, Di Vizio D, Gardiner C, L\u00f6tvall J, Sahoo S, Witwer KW. <strong><span style=\"color: #993300\">Towards mechanisms and standardization in extracellular vesicle and extracellular RNA studies: results of a worldwide survey.<\/span> <\/strong>J Extracell Vesicles. 2018 Oct 24;7(1):1535745. doi: 10.1080\/20013078.2018.1535745. PMID: 30370018; PMCID: PMC6201809.<\/li>\n<li>Oh JG, Watanabe S, Lee A, Gorski PA, Lee P, Jeong D, Liang L, Liang Y, Baccarini A, Sahoo S, Brown BD, Hajjar RJ, Kho C.<span style=\"color: #993300\"><strong> miR-146a Suppresses SUMO1 Expression and Induces Cardiac Dysfunction in Maladaptive Hypertrophy.<\/strong><\/span> Circ Res. 2018 Aug 31;123(6):673-685. doi: 10.1161\/CIRCRESAHA.118.312751. PMID: 30355233; PMCID: PMC6205728.<\/li>\n<li>Mathiyalagan, P., M. Adamiak, J. Mayourian, Y. Sassi, Y. Liang, N. Agarwal, D. Jha, S. Zhang, E. Kohlbrenner, E. Chepurko, J. Chen, M.G. Trivieri, R. Singh, R. Bouchareb, K. Fish, K. Ishikawa, D. Lebeche, R.J. Hajjar, and S. Sahoo. <span style=\"color: #993300\"><strong>FTO-Dependent m6A Regulates Cardiac Function During Remodeling and Repair<\/strong><\/span>.<strong><em>Circulation<\/em><\/strong>,\u00a0CIRCULATIONAHA.118.033794.<\/li>\n<li>Adamiak, M., and S. Sahoo. 2018. <span style=\"color: #993300\"><strong>Exosomes in Myocardial Repair: Advances and Challenges in the Development of Next-Generation Therapeutics.<\/strong><\/span> <strong><em>Mol Ther<\/em><\/strong>,\u00a026: 1635-1643.<\/li>\n<li>Mathiyalagan P, Liang Y, Kim D, Misener S, Thorne T, Kamide C, et al. <span style=\"color: #993300\"><strong>Angiogenic Mechanisms of Human CD34+ Stem Cell Exosomes in the Repair of Ischemic Hindlimb.<\/strong><\/span> <strong>Circ Res.<\/strong>\u00a02017 Apr 28;120(9):1466-1476;\u00a0PMID:28298297<\/li>\n<li>Pathan M, Keerthikumar S, Chisanga D, Alessandro R, Ang CS, Askenase P, Batagov AO, Benito-Martin A, Camussi G, Clayton A, Collino F, Di Vizio D, Falcon-Perez JM, Fonseca P, Fonseka P, Fontana S, Gho YS, Hendrix A, Hoen EN, Iraci N, Kastaniegaard K, Kislinger T, Kowal J, Kurochkin IV, Leonardi T, Liang Y, Llorente A, Lunavat TR, Maji S, Monteleone F, \u00d8verbye A, Panaretakis T, Patel T, Peinado H, Pluchino S, Principe S, Ronquist G, Royo F, Sahoo S, Spinelli C, Stensballe A, Th\u00e9ry C, van Herwijnen MJC, Wauben M, Welton JL, Zhao K, Mathivanan S. <strong><span style=\"color: #993300\">A novel community driven software for functional enrichment analysis of extracellular vesicles data. <\/span>J Extracell Vesicles<\/strong>. 2017 May 26;6(1):1321455; PMID:28717418<\/li>\n<li>Mayourian J, Cashman TJ, Ceholski DK, Johnson BV, Sachs D, Kaji DA, Sahoo S, Hare JM, Hajjar RJ, Sobie EA, Costa KD. <span style=\"color: #993300\"><strong>Experimental and Computational Insight into Human Mesenchymal Stem Cell Paracrine Signaling and Heterocellular Coupling Effects on Cardiac Contractility and Arrhythmogenicity<\/strong><strong>.<\/strong><\/span> <strong>Circ Res.<\/strong>\u00a02017 Jun 22. pii: CIRCRESAHA.117.310796;\u00a0PMID:28642329<\/li>\n<li>Coumans FAW, Brisson AR, Buzas EI, Dignat-George F, Drees EEE, El-Andaloussi S, Emanueli C, Gasecka A, Hendrix A, Hill AF, Lacroix R, Lee Y, van Leeuwen TG, Mackman N, M\u00e4ger I, Nolan JP, van der Pol E, Pegtel DM, Sahoo S, Siljander PRM, Sturk G, de Wever O, Nieuwland <strong><span style=\"color: #993300\">R. Methodological Guidelines to Study Extracellular Vesicles.<\/span><\/strong> <strong>Circ Res.<\/strong>\u00a02017 May 12;120(10):1632-1648. Review; PMID: 28495994<\/li>\n<li>Van Deun, \u2026. Sahoo S, \u2026Hendrix A. et al, 2017<span style=\"color: #993300\"><strong>, EV-TRACK: transparent reporting and centralizing knowledge in extracellular vesicle research.<\/strong><\/span> <strong>Nat Methods<\/strong><em>,<\/em>\u00a02017 Feb28 14(3) 228-232;\u00a0PMID:\u00a028245209<\/li>\n<li>Sahoo S, Mathyalagan P, Hajjar R. 2017. <span style=\"color: #993300\"><strong>Pericardial Fluid Exosomes &#8211; A New Material to Treat Cardiovascular Disease.<\/strong><\/span> <strong>Mol Ther<\/strong>. 2017 Mar 1;25(3):568-569;\u00a0PMID:\u00a028215995<\/li>\n<li>Sahoo S, 2017. <span style=\"color: #993300\"><strong>Cell-free Exosomes in clinics and in preclinical research;<\/strong><\/span>\u00a0<strong>Circ Res<\/strong>, Invited Viewpoint Essay, 2017.<\/li>\n<li>Agarwal U, George A, Bhutani S, Ghosh-Choudhary S, Maxwell JT, Brown ME, Mehta Y, Platt MO, Liang Y, Sahoo S, Davis ME. 2016. <span style=\"color: #993300\"><strong>Experimental, Systems and Computational Approaches to Understanding the MicroRNA-Mediated Reparative Potential of Cardiac Progenitor Cell-Derived Exosomes From Pediatric Patients<\/strong><\/span><em><span style=\"color: #993300\"><strong>.<\/strong><\/span>\u00a0<\/em><strong>Circ Res<\/strong>. 2017 Feb 17;120(4):701-712;\u00a0PMID:\u00a027872050<\/li>\n<li>Mathiyalagan P, Sahoo S.<span style=\"color: #993300\"><strong>\u00a0Exosomes-Based Gene Therapy for MicroRNA Delivery<\/strong><\/span>.2016;\u00a0<strong>Methods Mol Biol.<\/strong>2017;1521:139-152;\u00a0PMID:\u00a027910046<\/li>\n<li>Sahoo S, Emanueli C.<span style=\"color: #993300\"><strong> Exosomes in Diabetic Cardiomyopathy: The Next-Generation Therapeutic Targets?<\/strong> <\/span>\u00a0<strong>Diabetes.<\/strong>\u00a02016 Oct;65(10):2829-31;\u00a0PMID:\u00a027659226<\/li>\n<li>Bobis-Wozowicz S, Kmiotek K, Sekula M, Kedracka-Krok S, Kamycka E, Adamiak M, Jankowska U, Madetko-Talowska A, Sarna M, Bik-Multanowski M, Kolcz J, Boruczkowski D, Madeja Z, Dawn B and Zuba-Surma EK.<strong><span style=\"color: #993300\"> Human Induced Pluripotent Stem Cell-Derived Microvesicles Transmit RNAs and Proteins to Recipient Mature Heart Cells Modulating Cell Fate and Behavior. <\/span>Stem Cells<\/strong>. 2015;33:2748-61.<\/li>\n<li>Liang Y and Sahoo S, 2015. <span style=\"color: #993300\"><strong>Exosomes explosion for cardiac resuscitation<\/strong><\/span>;\u00a0<strong>J Am Coll Cardiol.<\/strong>\u00a02015 Aug 11;66(6):612-5;\u00a0PMID: 26248986<\/li>\n<li>Emanueli C, Shearn AIU, Angelini GD, Sahoo S. <span style=\"color: #993300\"><strong>Exosomes and exosomal miRNAs in \u00a0cardiovascular protection and repair<\/strong><\/span>;<strong>\u00a0<em>Vascul. Pharmacol.,<\/em><\/strong>\u00a02015 August, 71:24-30;PMID:\u00a025869502<\/li>\n<li>Kim DK, Lee J, Kim SR et al., 2014<strong><span style=\"color: #993300\">. EVpedia: A Community Web Portal for Extracellular Vesicles Research. <\/span>Bioinformatics<\/strong>, 2015 Mar 15;31(6):933-9; PMID 25388151<\/li>\n<li>Sahoo S, Losordo DW, 2014.<span style=\"color: #993300\"><strong> Exosomes and cardiac repair after myocardial infarction. Emerging Science Review Series on \u2018Exosomes in Cardiovascular Disease<\/strong><\/span>\u2019, <strong>Circ Res<\/strong>, 2014 Jan 17;114(2):333-44; PMID: 24436429<\/li>\n<li>Lotvall et al, 2014. <span style=\"color: #993300\"><strong>Minimal experimental requirements for definition of extracellular vesicles and their functions: a position statement from the International Society for Extracellular Vesicles<\/strong><\/span>. <strong>J Extracell Vesicles<\/strong>, 2014 Dec 22;3:26913; PMID: 25536934<\/li>\n<li>Mackie AR., Klyachko E., Thorne T, Kamide C, Schultz, KM., Millay M., Ito A., Liu T., Misener S., Sahoo S., Kishore R, Losordo DW.\u00a0 <span style=\"color: #993300\"><strong>Sonic hedgehog modified human CD34<sup>+<\/sup>\u00a0cells preserves cardiac function after acute myocardial infarction<\/strong><strong>.<\/strong><\/span> 2012.\u00a0<strong>Circ Res<\/strong>, Jul 20;111(3):312-21; PMID: 22581926<\/li>\n<li>Sahoo S, Kurre P, 2012. <span style=\"color: #993300\"><strong>Tumor Exosomes Promote Metastatic Dissemination by Reprogramming Bone Marrow Cells (Invited Review)<\/strong><\/span>, Vesicles in Hematopoiesis, Cancer and Therapy. Hematologist-9, Sep1, 2012, <strong>ASH Journal<\/strong>.<\/li>\n<li>Gauthier SA, Tizon B, Sahoo S, Levy E, 2012. <strong><span style=\"color: #993300\">In vitro assays measuring protection by proteins such as cystatin C of primary cortical neuronal and smooth muscle cells<\/span><\/strong>.\u00a0<strong>Methods Mol Biol.<\/strong>\u00a02012;849:275-87; PMID: 22528097<\/li>\n<li>Gauthier SA, Sahoo S, Jung SS, Levy E. 2012.<span style=\"color: #993300\"><strong> Murine cerebrovascular cells as a cell culture model for cerebral amyloid angiopathy: isolation of smooth muscle and endothelial cells from mouse brain.<\/strong><\/span> <strong>Methods Mol Biol.<\/strong>2012;849:261-74; PMID: 22528096<\/li>\n<li>Sahoo S, Klyachko E, Thorne T, Misener S, Schultz KM, Millay M, Liu T, Ito A, Kamide C, Qin G, Kishore R, Losordo DW, 2011. <span style=\"color: #993300\"><strong>Exosomes from human CD34<sup>+<\/sup>\u00a0stem cells mediate their of proangiogenic paracrine Activity<\/strong><\/span>,\u00a0<strong>Circ Res<\/strong>, 109(7):724-8; PMID: 21835908<\/li>\n<li>Tizon B, Sahoo S et.al., 2010. <strong><span style=\"color: #993300\">Induction of autophagy by cystatin C: a mechanism that protects murine primary cortical neurons and neuronal cell lines. <\/span>PLoS One<\/strong>. 2010 Mar 23; 5(3):e9819; PMID: 20352108<\/li>\n<li>Sahoo S, Suraishkumar GK, and Rao KK 2006. <span style=\"color: #993300\"><strong>Reactive oxygen species induced by shear stress mediates cell death in Bacillus subtilis.<\/strong><\/span> <strong>Biotechnol. Bioeng<\/strong>. 2006 May 5;94: 118-127; PMID: 16570320<\/li>\n<li>Sahoo S, Rao KK, Suresh AK, and Suraishkumar GK 2004. <span style=\"color: #993300\"><strong>Reactive oxygen species mediated suppression of sporulation in Bacillus subtilis.<\/strong><\/span> <strong>Biotechnol. Bioeng<\/strong>. 2004 Jul 5;87(1): 81-89; PMID: 15211491<\/li>\n<li>Sahoo S, Verma RK, Suresh AK, Bellare J, and Suraishkumar GK 2003. <span style=\"color: #993300\"><strong>Macro-level and genetic-level responses of Bacillus subtilis.<\/strong><\/span> <strong>Biotechnol. Prog<\/strong>. 2003 Nov-Dec;19(6):1689-1696; PMID: 14656143<\/li>\n<li>Sahoo S, Rao KK, and Suraishkumar GK 2003. <span style=\"color: #993300\"><strong>Induced reactive oxygen species improve enzyme production from Aspergillus niger cultivation.<\/strong><\/span> <strong>Biotechnol. Lett<\/strong>. 2003 May;25: 821\u2013825; PMID: 12882014<\/li>\n<li>Nayak NR, Sahoo S, et al. 2002.<span style=\"color: #993300\"><strong> Establishment of thin cross section (TCS) culture method for rapid micropropagation of Cymbidium aloifolium and Dendrobium nobile.<\/strong><\/span> <strong>Scientia Hort<\/strong>. 94: 107\u2013116.<\/li>\n<li>Rawool SB, Sahoo S, Rao KK, and Suraishkumar GK 2001. <span style=\"color: #993300\"><strong>Improvement in enzyme productivities from mold cultivations using the liquid-phase oxygen supply strategy.<\/strong><\/span> <strong>Biotechnol. Prog<\/strong>. 2001 Sep-Oct; 17 (5), 832; PMID: 11587571<\/li>\n<\/ul>\n<p><strong><u>Patents\u00a0(pending)<\/u><\/strong><strong>:\u00a0<\/strong>Sahoo S, Losordo DW, Zembower D,<span style=\"color: #993300\"><strong> Therapeutic exosomes derived from adult stem cells<\/strong><\/span> (2010)\u00a0Serial no\u00a0:\u00a013\/276,142\u00a0(NU2010-082 (WS IP# 2010-082-02)<\/p>\n","protected":false},"excerpt":{"rendered":"<p>Chen TY, Gonzalez-Kozlova E, Soleymani T, La Salvia S, Kyprianou N, Sahoo S, Tewari AK, Cordon-Cardo C, Stolovitzky G, Dogra N. Extracellular vesicles carry distinct proteo-transcriptomic signatures that are different from their cancer cell of origin. iScience. 2022 May 18;25(6):104414. doi: 10.1016\/j.isci.2022.104414. PMID: 35663013; PMCID: PMC9157216. Salomon C, Das S, Erdbr\u00fcgger U, Kalluri R, Kiang [&hellip;]<\/p>\n","protected":false},"author":171,"featured_media":0,"parent":0,"menu_order":0,"comment_status":"closed","ping_status":"closed","template":"full-width.php","meta":{"footnotes":""},"class_list":["post-51","page","type-page","status-publish","hentry"],"aioseo_notices":[],"_links":{"self":[{"href":"https:\/\/labs.icahn.mssm.edu\/sahoolab\/wp-json\/wp\/v2\/pages\/51","targetHints":{"allow":["GET"]}}],"collection":[{"href":"https:\/\/labs.icahn.mssm.edu\/sahoolab\/wp-json\/wp\/v2\/pages"}],"about":[{"href":"https:\/\/labs.icahn.mssm.edu\/sahoolab\/wp-json\/wp\/v2\/types\/page"}],"author":[{"embeddable":true,"href":"https:\/\/labs.icahn.mssm.edu\/sahoolab\/wp-json\/wp\/v2\/users\/171"}],"replies":[{"embeddable":true,"href":"https:\/\/labs.icahn.mssm.edu\/sahoolab\/wp-json\/wp\/v2\/comments?post=51"}],"version-history":[{"count":35,"href":"https:\/\/labs.icahn.mssm.edu\/sahoolab\/wp-json\/wp\/v2\/pages\/51\/revisions"}],"predecessor-version":[{"id":464,"href":"https:\/\/labs.icahn.mssm.edu\/sahoolab\/wp-json\/wp\/v2\/pages\/51\/revisions\/464"}],"wp:attachment":[{"href":"https:\/\/labs.icahn.mssm.edu\/sahoolab\/wp-json\/wp\/v2\/media?parent=51"}],"curies":[{"name":"wp","href":"https:\/\/api.w.org\/{rel}","templated":true}]}}