{"id":273,"date":"2015-11-05T16:18:06","date_gmt":"2015-11-05T16:18:06","guid":{"rendered":"http:\/\/labs.icahn.mssm.edu\/peterlab\/?page_id=273"},"modified":"2025-09-29T14:01:11","modified_gmt":"2025-09-29T14:01:11","slug":"the-meconium-study","status":"publish","type":"page","link":"https:\/\/labs.icahn.mssm.edu\/peterlab\/the-meconium-study\/","title":{"rendered":"MECONIUM Study"},"content":{"rendered":"<p style=\"text-align: left\"><a href=\"https:\/\/labs.icahn.mssm.edu\/peterlab\/wp-content\/uploads\/sites\/96\/2015\/11\/meconium-study-title-page2.png\"><img loading=\"lazy\" decoding=\"async\" class=\"aligncenter wp-image-485\" src=\"https:\/\/labs.icahn.mssm.edu\/peterlab\/wp-content\/uploads\/sites\/96\/2015\/11\/meconium-study-title-page2.png\" alt=\"meconium study title page\" width=\"2000\" height=\"561\" srcset=\"https:\/\/labs.icahn.mssm.edu\/peterlab\/wp-content\/uploads\/sites\/96\/2015\/11\/meconium-study-title-page2.png 1354w, https:\/\/labs.icahn.mssm.edu\/peterlab\/wp-content\/uploads\/sites\/96\/2015\/11\/meconium-study-title-page2-300x84.png 300w, https:\/\/labs.icahn.mssm.edu\/peterlab\/wp-content\/uploads\/sites\/96\/2015\/11\/meconium-study-title-page2-1024x287.png 1024w\" sizes=\"auto, (max-width: 2000px) 100vw, 2000px\" \/><\/a><\/p>\n<h2 style=\"text-align: center\"><span style=\"color: #31859c\"><strong>About the Study<\/strong><\/span><\/h2>\n<p>The MECONIUM\u00a0Study\u00a0aims to compare the bacterial profiles of pregnant women with and without Inflammatory Bowel Disease (IBD) and their newborn babies. The goal is to explore the role of genetic make-up, disease activity throughout pregnancy, medications and clinical features on the bacterial composition of the baby. In addition, we will assess if feeding behavior (breastfeeding versus formula) and\/or antibiotic use early in life help modify the microbiome. Given that the maternal gut bacteria can be manipulated by diet, food supplementation, and other ways, our study can help identify the types of bacteria that need to be altered prior to or during pregnancy to significantly reduce the risk of IBD transmission.<br \/>\n<span style=\"color: #31859c\"><strong>We Are Currently Enrolling <\/strong><\/span>women who have participated in the MECONIUM Study with a prior pregnancy and wish to reenroll.<br \/>\n<span style=\"color: #31859c\"><strong>Questions?<\/strong><\/span>\u00a0Please contact our research coordinators at <a href=\"347-620-0210\" target=\"_blank\" rel=\"noopener\">347-620-0210<\/a><strong>\u00a0<\/strong>or <a href=\"mailto:meconiumstudy@gmail.com\">meconiumstudy@gmail.com<\/a><\/p>\n<p><a href=\"https:\/\/labs.icahn.mssm.edu\/peterlab\/info-for-participants\/\">If you are a current participant, you can find more information here!<\/a><\/p>\n<p><span style=\"text-decoration: underline;color: #31859c\"><strong>Have any similar studies been performed?<\/strong><\/span><\/p>\n<p>Please visit these\u00a0<a href=\"https:\/\/labs.icahn.mssm.edu\/peterlab\/interesting-links\/\">Interesting Links<\/a>\u00a0to learn about similar studies that have been performed.<\/p>\n<p><span style=\"text-decoration: underline;color: #31859c\"><strong>How can I learn more about the microbiome?<\/strong><\/span><\/p>\n<p>You can read more about the\u00a0<a href=\"https:\/\/labs.icahn.mssm.edu\/peterlab\/421-2\/\">Background<\/a>\u00a0data supporting the MECONIUM Study to learn more about the microbiome.<\/p>\n<h2 style=\"text-align: center\">We hope you take some time to meet the MECONIUM Study team and take a look at the milestones that we have crossed thus far on this journey!<\/h2>\n<hr \/>\n<h2 style=\"text-align: center\"><span style=\"color: #31859c\"><strong>News<\/strong><\/span><\/h2>\n<p style=\"text-align: center\">Select from the following links to see what we have been up to!<\/p>\n<ul>\n<li><a href=\"https:\/\/labs.icahn.mssm.edu\/peterlab\/newsletter-and-preliminary-results\/\">Presentations and other updates<\/a><\/li>\n<li><a href=\"https:\/\/labs.icahn.mssm.edu\/peterlab\/meet-the-study-team\/\">See how our team has evolved over the years<\/a><\/li>\n<li><a href=\"https:\/\/labs.icahn.mssm.edu\/peterlab\/meconium-study-2016-holiday-newsletter\/\">Read through our yearly newsletter archive<\/a><\/li>\n<\/ul>\n<hr \/>\n<p><a name=\"MECpublications\"><\/a><\/p>\n<h2 style=\"text-align: center\"><span style=\"color: #31859c\"><strong>Publications<\/strong><\/span><\/h2>\n<h3>Peer-reviewed Publications:<\/h3>\n<p>Leonid Tarassishin, Taegyu Kim, Jianzhong Hu, Amelie Barre, Alexa Rendon, Mellissa Picker, Rosemary Chen, Kaitlyn Weinstein, Anne Thj\u00f8m\u00f8e, Einar M\u00f8rk, Joanne Stone, Joana Torres, Jean-Frederic Colombel, Manasi Agrawal, Inga Peter. (2025) <strong>Elevated fecal lipocalin-2 levels during early life are associated with maternal inflammatory bowel disease diagnosis and infant feeding practices.<\/strong> <i>Digestive Diseases and Sciences.<\/i> Volume 70, pages 1150-1159 <a href=\"https:\/\/doi.org\/10.1007\/s10620-025-08864-9\">https:\/\/doi.org\/10.1007\/s10620-025-08864-9<\/a><\/p>\n<p>Vishal Midya, Manasi Agrawal, Jamil M. Lane, Chris Gennings, Leonid Tarassishin, Libni A. Torres-Olascoaga, Joseph Eggers, Jill K. Gregory, Mellissa Picker, Inga Peter, Jeremiah J. Faith, Manish Arora, Martha M. T\u00e9llez-Rojo, Robert O. Wright, Jean-Frederic Colombel, and Shoshannah Eggers. (2024). <strong>Association between Exposure to Metals during Pregnancy, Childhood Gut Microbiome, and Risk of Intestinal Inflammation in Late Childhood.<\/strong> <i>Environment and Health.<\/i> Vol. 2, no. 10, 2024, p.739-749, <a href=\"https:\/\/pubmed.ncbi.nlm.nih.gov\/39474439\/\">https:\/\/doi.org\/10.1021\/envhealth.4c00125<\/a><\/p>\n<p>Sabino, J., Tarassishin, L., Eisele, C., Hawkins, K., Barr\u00e9, A., Nair, N., Rendon, A., Debebe, A., Picker, M., Agrawal, M., Stone, J., George, J., Legnani, P., Maser, E., Chen, C. L., Thj\u00f8m\u00f8e, A., M\u00f8rk, E., Dubinsky, M., Hu, J., Colombel, J. F., \u2026 Torres, J. (2023). <strong>Influence of Early Life Factors, including breast milk Composition, on the Microbiome of Infants Born to Mothers with and without Inflammatory Bowel Disease.<\/strong> <i>Journal of Crohn&#8217;s &amp; colitis<\/i>, <i>17<\/i>(11), 1723\u20131732. <a href=\"https:\/\/doi.org\/10.1093\/ecco-jcc\/jjad096\">https:\/\/doi.org\/10.1093\/ecco-jcc\/jjad096<\/a><\/p>\n<p>Shah, S. C., Tarassishin, L., Eisele, C., Rendon, A., Debebe, A., Hawkins, K., Hillenbrand, C., Agrawal, M., Torres, J., Peek, R. M., Jr, Stone, J., Dubinsky, M., Colombel, J. F., Peter, I., &amp; Hu, J. (2022). <strong>Breastfeeding Is Associated with Lower Likelihood of Helicobacter Pylori Colonization in Babies, Based on a Prospective USA Maternal-Infant Cohort.<\/strong> <em>Digestive diseases and sciences, 67(11), 5149\u20135157.<\/em> <a href=\"https:\/\/doi.org\/10.1007\/s10620-021-07371-x\">https:\/\/doi.org\/10.1007\/s10620-021-07371-x<\/a><\/p>\n<p>Kim, E., Tarassishin L., Eisele, C., Barre, A., Nair, N., Rendon, A., Hawkins, K., Debebe, A., White, S., Thj\u00f8m\u00f8e, A., M\u00f8rk, E., Bento-Miranda, M., Panchal, H., Agrawal, M., Patel, A., Chen, C., Kornbluth, A., George, J., Legnani, P., Maser, E., &#8230; Hu, J. (2021)\u00a0<strong>Longitudinal Changes in Fecal Calprotectin Levels Among Pregnant Women with and without Inflammatory Bowel Disease and their Babies.\u00a0<\/strong><em>Gastroenterology, 160(4), 1118-1130. <a href=\"https:\/\/www.sciencedirect.com\/science\/article\/pii\/S0016508520355323?via%3Dihub\">https:\/\/doi.org\/10.1053\/j.gastro.2020.11.050<\/a><\/em><\/p>\n<p>Torres, J., Hu, J., Seki, A., Eisele, C., Nair, N., Huang, R., Tarassishin, L., Jharap, B., Cote-Daigneault, J., Mao, Q., Mogno, I., Britton, G. J., Uzzan, M., Chen, C. L., Kornbluth, A., George, J., Legnani, P., Maser, E., Loudon, H., Stone, J., \u2026 Peter, I. (2020). <strong>Infants born to mothers with IBD present with altered gut microbiome that transfers abnormalities of the adaptive immune system to germ-free mice.<\/strong> <i>Gut<\/i>, <i>69<\/i>(1), 42\u201351. <a href=\"https:\/\/doi.org\/10.1136\/gutjnl-2018-317855\">https:\/\/doi.org\/10.1136\/gutjnl-2018-317855<\/a><\/p>\n<h3>Abstracts:<\/h3>\n<p><strong>Please click on the title for a link to the full publication.<\/strong><br \/>\n<a href=\"https:\/\/labs.icahn.mssm.edu\/peterlab\/wp-content\/uploads\/sites\/96\/2022\/02\/Influence-of-early-life-factors-on-the-development-of-intestinal-microbiota-of-infants-born-to-mothers-with-and-without-IBD.pdf\"><strong>Influence of early life factors on the development of intestinal microbiota of infants born to mothers with and without IBD<\/strong><\/a><\/p>\n<p>Joao Sabino, Leonid Tarassishin, Caroline Eisele, Amelie Barre, Marla Dubinsky, Joanne Stone, Nilendra Nair, Anketse Debebe, Kelly Hawkins, Alexa Rendon, Jianzhong Hu, Jean-Frederic Colombel, Inga Peter, Joana Torres<\/p>\n<p><a href=\"https:\/\/labs.icahn.mssm.edu\/peterlab\/dynamics-of-intestinal-inflammation-and-microbial-dysbiosis-in-pregnant-women-with-inflammatory-bowel-disease-and-their-infants\/\"><strong>Dynamics of intestinal inflammation and microbial dysbiosis in pregnant women with Inflammatory Bowel Disease and their infants<\/strong><\/a><\/p>\n<p>Leonid\u00a0Tarassishin, Eun Soo Kim, Caroline Eisele, Amelie Barre, Anne Thjomoe, Einar Mork, Marla Dubinsky, Joanne Stone, Nilendra Nair, Anketse Debebe, Kelly Hawkins, Alexa Rendon, Joao Sabino, Joana Torres,\u00a0Jean-Frederic Colombel, Inga Peter, Jianzhong Hu<\/p>\n<p><a href=\"https:\/\/labs.icahn.mssm.edu\/peterlab\/teeth\/\"><strong>Assessment of Metal Exposures in Deciduous Teeth of Patients with Inflammatory Bowel Disease<\/strong><\/a><\/p>\n<p>Nilendra Nair, Christine Austin, Manel Rocha, Catarina Gouveia, Paul Curtin, Caroline Eisele, Jean-Frederic Colombel, Joana Torres, Inga Peter, Manish Arora<\/p>\n<p><a href=\"https:\/\/labs.icahn.mssm.edu\/peterlab\/the-gut-microbiota-of-pregnant-women-with-crohns-disease-and-their-babies-transfers-abnormalities-of-the-adaptive-immune-system-to-gnotobiotic-mice\/\"><strong>The Gut Microbiota of Pregnant Women with Crohn\u2019s Disease and their Babies Transfers Abnormalities of the\u00a0<\/strong><strong>Adaptive Immune System to Gnotobiotic Mice<\/strong><\/a><br \/>\nAkihiro Seki, Joana Torres, Leonid Tarassishin, Jianzhong Hu, Caroline Eisele, Nilendra Nair, Graham Britton, Qixing Mao, Jose Clemente, Jeremiah Faith, Jean-Frederic Colombel, Inga Peter, Saurabh Mehandru<\/p>\n<p><a href=\"https:\/\/labs.icahn.mssm.edu\/peterlab\/dysbiotic-gut-microbiome-of-infants-born-to-mothers-with-inflammatory-bowel-disease-ibd-is-mitigated-by-early-life-environmental-factors\/\"><strong>Dysbiotic Gut Microbiome of Infants Born to Mothers with Inflammatory Bowel Disease (IBD) is Mitigated by\u00a0<\/strong><strong>Early Life Environmental Factors<\/strong><\/a><br \/>\nJianzhong Hu, Ruiqi Huang, Caroline Eisele, Leonid Tarassishin, Amelie Barre, Ron Porat, Nilendra Nair, Joanne Stone, Marla Dubinsky, Jean-Frederic Colombel, Joana Torres, Inga Peter<\/p>\n<p><a href=\"https:\/\/labs.icahn.mssm.edu\/peterlab\/fecal-calprotectin-fc-in-babies-born-to-mothers-with-or-without-ibd-and-correlation-with-microbiome\/\"><strong>Fecal Calprotectin in Babies Born to Mothers with or without IBD and Correlation with Microbiome<\/strong><\/a><br \/>\nLeonid Tarassishin, Amelie Barre, Caroline Eisele, Jianzhong Hu, Ron Porat, Nilendra Nair, Joanne Stone, Marla Dubinsky, Einar Mork, Anne Thjomoe, Jean-Frederic Colombel, Joana Torres, Inga Peter<\/p>\n<p><a href=\"https:\/\/labs.icahn.mssm.edu\/peterlab\/fecal-lactoferrin-is-a-reliable-ibd-biomarker-during-pregnancy\/\"><strong>Fecal Lactoferrin is a reliable IBD biomarker during pregnancy<\/strong><\/a><\/p>\n<p>Amelie Barre, Leonid Tarassishin, Caroline Eisele, Jianzhong Hu, Nilendra Nair, Joanne Stone, Marla Dubinsky, James Boone, Einar Mork, Anne Thjomoe, Jean-Frederic Colombel, Joana Torres, Inga Peter<\/p>\n<p><a href=\"https:\/\/labs.icahn.mssm.edu\/peterlab\/differences-in-the-microbial-composition-in-cord-blood-and-placenta-by-maternal-ibd-status\/\"><strong>Differences in the Microbial Composition in Cord Blood and Placenta by Maternal IBD Status<\/strong><\/a><\/p>\n<p>Jianzhong Hu, Joana Torres, Qixing Mao, Caroline Eisele, Leonid Tarassishin, Amelie Barre, Nilendra Nair, Jean-Frederic Colombel, Inga Peter<\/p>\n<p><a href=\"https:\/\/labs.icahn.mssm.edu\/peterlab\/the-psycho-emotional-experience-of-pregnancy-in-women-with-ibd-and-correlation-with-gut-microbiome\/\"><strong>The pscyho-emotional experience of pregnancy in women with IBD and correlation with gut microbiome<\/strong><\/a><\/p>\n<p>Caroline Eisele, Ivan Carreon, Ruiqi Huang, Jianzhong Hu, Nilendra Nair, Ron Porat, Joana Torres, Jean-Frederic Colombel, Inga Peter, Laurie Keefer<\/p>\n<p><a href=\"https:\/\/labs.icahn.mssm.edu\/peterlab\/infants-born-to-mothers-with-inflammatory-bowel-disease-exhibit-distinct-microbiome-features-that-persist-up-to-3-months-of-life\/\"><strong>Infants Born to Mothers with Inflammatory Bowel Disease Exhibit Distinct Microbiome Features that Persist up\u00a0<\/strong><strong>to 3 Months of Life<\/strong><\/a><\/p>\n<p>Caroline Eisele, Jianzhong Hu, Joana Torres, Nilendra Nair, Hinaben Panchal, Xiuliang Bao, Xiaohong Niu, Justin Cote-Daigneault, Bindia Jharap, Elana Maser, Asher Kornbluth, Peter Legnani, James George, Marla Dubinsky, Joanne Stone, Ching-Lynn Chen, Jose Clemente, Jean-Frederic Colombel, Inga Peter<\/p>\n<p><a href=\"https:\/\/labs.icahn.mssm.edu\/peterlab\/exploring-mechanisms-of-disease-transmission-in-utero-through-the-microbiome-pilot-study\/\"><strong>The MECONIUM Study: Exploring MEChanisms Of disease transmission In Utero through the Microbiome-<\/strong><strong>pilot study<\/strong><\/a><\/p>\n<p>Joana Torres, Jianzhong Hu, Justin Cote-Daigneault, Hinaben Panchal, Caroline Eisele, Xuiliang Bao, Nikita Nangia, Ching-Lynn Chen, Marla Dubinsky, James George, Asher Kornbluth, Peter Legnani, James Marion, Elana Maser, Thomas Ullman, Bindia Jharap, Joanne Stone, Jose Clemente, Jean-Frederic Colombel, Inga Peter<\/p>\n","protected":false},"excerpt":{"rendered":"<p>About the Study The MECONIUM\u00a0Study\u00a0aims to compare the bacterial profiles of pregnant women with and without Inflammatory Bowel Disease (IBD) and their newborn babies. The goal is to explore the role of genetic make-up, disease activity throughout pregnancy, medications and clinical features on the bacterial composition of the baby. In addition, we will assess if [&hellip;]<\/p>\n","protected":false},"author":57,"featured_media":0,"parent":0,"menu_order":0,"comment_status":"closed","ping_status":"closed","template":"","meta":{"footnotes":""},"class_list":["post-273","page","type-page","status-publish","hentry"],"aioseo_notices":[],"_links":{"self":[{"href":"https:\/\/labs.icahn.mssm.edu\/peterlab\/wp-json\/wp\/v2\/pages\/273","targetHints":{"allow":["GET"]}}],"collection":[{"href":"https:\/\/labs.icahn.mssm.edu\/peterlab\/wp-json\/wp\/v2\/pages"}],"about":[{"href":"https:\/\/labs.icahn.mssm.edu\/peterlab\/wp-json\/wp\/v2\/types\/page"}],"author":[{"embeddable":true,"href":"https:\/\/labs.icahn.mssm.edu\/peterlab\/wp-json\/wp\/v2\/users\/57"}],"replies":[{"embeddable":true,"href":"https:\/\/labs.icahn.mssm.edu\/peterlab\/wp-json\/wp\/v2\/comments?post=273"}],"version-history":[{"count":58,"href":"https:\/\/labs.icahn.mssm.edu\/peterlab\/wp-json\/wp\/v2\/pages\/273\/revisions"}],"predecessor-version":[{"id":2276,"href":"https:\/\/labs.icahn.mssm.edu\/peterlab\/wp-json\/wp\/v2\/pages\/273\/revisions\/2276"}],"wp:attachment":[{"href":"https:\/\/labs.icahn.mssm.edu\/peterlab\/wp-json\/wp\/v2\/media?parent=273"}],"curies":[{"name":"wp","href":"https:\/\/api.w.org\/{rel}","templated":true}]}}