{"id":1536,"date":"2023-08-11T16:52:33","date_gmt":"2023-08-11T20:52:33","guid":{"rendered":"https:\/\/labs.icahn.mssm.edu\/ghaffarilab\/?page_id=1536"},"modified":"2025-11-13T15:57:59","modified_gmt":"2025-11-13T20:57:59","slug":"page_id35","status":"publish","type":"page","link":"https:\/\/labs.icahn.mssm.edu\/ghaffarilab\/page_id35\/","title":{"rendered":"ALUMNI"},"content":{"rendered":"<p>[et_pb_section fb_built=&#8221;1&#8243; _builder_version=&#8221;4.16&#8243; _module_preset=&#8221;default&#8221; width=&#8221;90.5%&#8221; global_colors_info=&#8221;{}&#8221;][et_pb_row _builder_version=&#8221;4.16&#8243; _module_preset=&#8221;default&#8221; transform_translate=&#8221;-215px|12px&#8221; max_width=&#8221;400px&#8221; custom_padding=&#8221;|102px||||&#8221; global_colors_info=&#8221;{}&#8221;][et_pb_column type=&#8221;4_4&#8243; _builder_version=&#8221;4.16&#8243; _module_preset=&#8221;default&#8221; global_colors_info=&#8221;{}&#8221;][et_pb_text _builder_version=&#8221;4.16&#8243; _module_preset=&#8221;default&#8221; global_colors_info=&#8221;{}&#8221;]<\/p>\n<h1><span style=\"color: #999999\"><strong>ALUMNI<\/strong><\/span><\/h1>\n<p>[\/et_pb_text][\/et_pb_column][\/et_pb_row][et_pb_row _builder_version=&#8221;4.16&#8243; _module_preset=&#8221;default&#8221; transform_translate=&#8221;-31px|-8px&#8221; width=&#8221;69.8%&#8221; overflow-x=&#8221;hidden&#8221; custom_padding=&#8221;|2px||2px||&#8221; global_colors_info=&#8221;{}&#8221;][et_pb_column type=&#8221;4_4&#8243; _builder_version=&#8221;4.16&#8243; _module_preset=&#8221;default&#8221; global_colors_info=&#8221;{}&#8221;][et_pb_team_member name=&#8221;Christian Gordillo, MS&#8221; position=&#8221;Christian Gordillo, MS was a graduate student in the lab from 2022 to 2024. He is now working as a Clinical Research Coordinator at Columbia. &#8221; image_url=&#8221;https:\/\/labs.icahn.mssm.edu\/ghaffarilab\/wp-content\/uploads\/sites\/347\/2025\/03\/Christian-1.jpg&#8221; _builder_version=&#8221;4.16&#8243; _module_preset=&#8221;default&#8221; width=&#8221;100%&#8221; global_colors_info=&#8221;{}&#8221;][\/et_pb_team_member][et_pb_team_member name=&#8221;Jana Gjini, MS&#8221; position=&#8221;Jana Gjini, MS. was a graduate student in the Icahn School of Medicine from 2018 to 2021. She went on to work as an Associate Research Technician at NYU and is now a medical student at Rowan University School of Osteopathic Medicine. &#8221; image_url=&#8221;https:\/\/labs.icahn.mssm.edu\/ghaffarilab\/wp-content\/uploads\/sites\/347\/2023\/08\/Jana-Gjini.jpg&#8221; _builder_version=&#8221;4.16&#8243; _module_preset=&#8221;default&#8221; global_colors_info=&#8221;{}&#8221;][\/et_pb_team_member][et_pb_team_member name=&#8221;Miao Lin, MD&#8221; position=&#8221;Miao Lin, MD. was the lab manager from 2017 to 2021. She is now working at Dartmouth University.&#8221; image_url=&#8221;https:\/\/labs.icahn.mssm.edu\/ghaffarilab\/wp-content\/uploads\/sites\/347\/2023\/08\/Miao-Lin-1.jpeg&#8221; _builder_version=&#8221;4.16&#8243; _module_preset=&#8221;default&#8221; global_colors_info=&#8221;{}&#8221;][\/et_pb_team_member][et_pb_team_member name=&#8221;Tasleem Arif, PhD&#8221; position=&#8221;Tasleem Arif, PhD. did his post doctoral fellowship from 2017 to 2021. He continued his post doctoral fellowship at Mount Sinai in the Bieker Laboratory and is currently a Research Assistant Professor at Miller School of Medicine in Miami Florida.&#8221; image_url=&#8221;https:\/\/labs.icahn.mssm.edu\/ghaffarilab\/wp-content\/uploads\/sites\/347\/2023\/08\/Tasleem-Arif-1.jpg&#8221; _builder_version=&#8221;4.16&#8243; _module_preset=&#8221;default&#8221; global_colors_info=&#8221;{}&#8221; custom_padding=&#8221;|0px||||&#8221;][\/et_pb_team_member][et_pb_team_member name=&#8221;Vijay Menon, PhD&#8221; position=&#8221;Vijay Menon, PhD. did his post doctoral fellowship from 2017 to 2020. He is now an Associate Research Scientist at the Yale School of Medicine. &#8221; image_url=&#8221;https:\/\/labs.icahn.mssm.edu\/ghaffarilab\/wp-content\/uploads\/sites\/347\/2023\/08\/Vijay-Menon.jpg&#8221; _builder_version=&#8221;4.16&#8243; _module_preset=&#8221;default&#8221; global_colors_info=&#8221;{}&#8221;][\/et_pb_team_member][et_pb_team_member name=&#8221;Raymond Liang, PhD&#8221; position=&#8221;Raymond Liang, PhD. was a PhD student in the lab from 2012 to 2018. He is now a Senior Scientist at Endotope Biosciences in NYC.&#8221; image_url=&#8221;https:\/\/labs.icahn.mssm.edu\/ghaffarilab\/wp-content\/uploads\/sites\/347\/2023\/08\/Ray-Liang.jpg&#8221; admin_label=&#8221;Person&#8221; _builder_version=&#8221;4.16&#8243; _module_preset=&#8221;default&#8221; global_colors_info=&#8221;{}&#8221;][\/et_pb_team_member][et_pb_team_member name=&#8221;Carolina Bigarella, PhD&#8221; position=&#8221;Carolina Bigarella, PhD. did her post doctoral fellowship from 2011 to 2015. She is now a Scientist at SHY Therapeutics. &#8221; image_url=&#8221;https:\/\/labs.icahn.mssm.edu\/ghaffarilab\/wp-content\/uploads\/sites\/347\/2023\/08\/Carolina-Bigarella.jpg&#8221; _builder_version=&#8221;4.16&#8243; _module_preset=&#8221;default&#8221; global_colors_info=&#8221;{}&#8221;][\/et_pb_team_member][et_pb_team_member name=&#8221;Pauline Rimmel\u00e9, PhD&#8221; position=&#8221;Pauline Rimmel\u00e9, PhD. did her post doctoral fellowship in the lab from 2010 to 2015. She is currently Director of Biology at Ensoma in Boston.  &#8221; image_url=&#8221;https:\/\/labs.icahn.mssm.edu\/ghaffarilab\/wp-content\/uploads\/sites\/347\/2023\/08\/Pauline-Rimmele.jpg&#8221; _builder_version=&#8221;4.16&#8243; _module_preset=&#8221;default&#8221; global_colors_info=&#8221;{}&#8221;][\/et_pb_team_member][et_pb_team_member name=&#8221;Rebeca Dieguez Gonzalez, PhD&#8221; position=&#8221;Rebeca Dieguez Gonzalez, PhD. did her post doctoral fellowship form 2012 to 2014. She is now a Group Project Manager at the Institut Catala de Nanociencia I Nanotecnologia in Barcelona Spain. &#8221; image_url=&#8221;https:\/\/labs.icahn.mssm.edu\/ghaffarilab\/wp-content\/uploads\/sites\/347\/2023\/08\/Rebeca-Dieguez-Gonzalez.jpg&#8221; _builder_version=&#8221;4.16&#8243; _module_preset=&#8221;default&#8221; global_colors_info=&#8221;{}&#8221;][\/et_pb_team_member][et_pb_team_member name=&#8221;Gen\u00eds Campreci\u00f3s, PhD&#8221; position=&#8221;Gen\u00eds Campreci\u00f3s, PhD. did his post doctoral fellowship from 2011 to 2013 in the Ghaffari Lab. He went on to continue his post doctoral fellowship in the Clinic Hospital Barcelona in Spain. &#8221; image_url=&#8221;https:\/\/labs.icahn.mssm.edu\/ghaffarilab\/wp-content\/uploads\/sites\/347\/2023\/08\/Genis-Camprecios.jpg&#8221; _builder_version=&#8221;4.16&#8243; _module_preset=&#8221;default&#8221; global_colors_info=&#8221;{}&#8221;][\/et_pb_team_member][et_pb_team_member name=&#8221;Brigitte Izac, MS&#8221; position=&#8221;Brigitte Izac, MS. was a visiting Staff Researcher from INSERM from 2011 to 2013. Afterwards, she returned to INSERM in Paris, France to study Immunology and Genomics (L&#8217;h\u00f4pital Cochin). &#8221; _builder_version=&#8221;4.16&#8243; _module_preset=&#8221;default&#8221; global_colors_info=&#8221;{}&#8221;][\/et_pb_team_member][et_pb_team_member name=&#8221;Jeffery Barminko, PhD&#8221; position=&#8221;Jeffery Barminko, PhD. did his post doctoral fellowship from 2013 to 2015. He went on to become an Associate Scientist, then Assistant Professor at the Icahn School of Medicine at Mount Sinai. He is now a Consultant at the Boston Consulting Group. &#8221; image_url=&#8221;https:\/\/labs.icahn.mssm.edu\/ghaffarilab\/wp-content\/uploads\/sites\/347\/2023\/08\/Jeff-Barminko.jpeg&#8221; _builder_version=&#8221;4.16&#8243; _module_preset=&#8221;default&#8221; global_colors_info=&#8221;{}&#8221;][\/et_pb_team_member][et_pb_team_member name=&#8221;Xin Zhang, MD-PhD&#8221; position=&#8221;Xin Zhang, MD-PhD. did his post doctoral fellowship in the lab from 2005 to 2013. He went on to become an Associate Professor and Research Director at Shantou University first affiliated Medical Center in China. &#8221; image_url=&#8221;https:\/\/labs.icahn.mssm.edu\/ghaffarilab\/wp-content\/uploads\/sites\/347\/2023\/08\/Xin-Zahng.jpg&#8221; _builder_version=&#8221;4.16&#8243; _module_preset=&#8221;default&#8221; global_colors_info=&#8221;{}&#8221;][\/et_pb_team_member][et_pb_team_member name=&#8221;Safak Yalcin, PhD&#8221; position=&#8221;Safak Yalcin, PhD. did her post doctoral fellowship in the lab from 2006 to 2012. She is currently the Global Biomarker Lead at Takeda in Cambridge, Massachusetts. &#8221; image_url=&#8221;https:\/\/labs.icahn.mssm.edu\/ghaffarilab\/wp-content\/uploads\/sites\/347\/2023\/08\/Safak-Yalcin.jpg&#8221; _builder_version=&#8221;4.16&#8243; _module_preset=&#8221;default&#8221; global_colors_info=&#8221;{}&#8221;][\/et_pb_team_member][et_pb_team_member name=&#8221;Mait\u00e9 Rielland, PhD&#8221; position=&#8221;Mait\u00e9 Rielland, PhD. did her post doctoral fellowship in the lab in 2010. She is now an Advanced Research Engineer at L&#8217;Or\u00e9al in Paris France. &#8221; image_url=&#8221;https:\/\/labs.icahn.mssm.edu\/ghaffarilab\/wp-content\/uploads\/sites\/347\/2023\/08\/Maite\u0301-Rielland.jpeg&#8221; _builder_version=&#8221;4.16&#8243; _module_preset=&#8221;default&#8221; global_colors_info=&#8221;{}&#8221;][\/et_pb_team_member][et_pb_team_member name=&#8221;Catherine Laiosa, MD-PhD&#8221; position=&#8221;Catherine Laiosa, MD-PhD. did her post doctoral fellowship in the lab from 2008 to 2010. She is now a practicing physician working in Internal Medicine.&#8221; image_url=&#8221;https:\/\/labs.icahn.mssm.edu\/ghaffarilab\/wp-content\/uploads\/sites\/347\/2023\/08\/Catherine-V.-Laiosa.jpg&#8221; _builder_version=&#8221;4.16&#8243; _module_preset=&#8221;default&#8221; global_colors_info=&#8221;{}&#8221;][\/et_pb_team_member][et_pb_team_member name=&#8221;Sathish Kumar Mungamuri, PhD&#8221; position=&#8221;Sathish Kumar Mungamuri, PhD. did his post doctoral fellowship from 2007 to 2009. He is now a Professor at the National Institution of Nutrition in Hyderabad, India. &#8221; image_url=&#8221;https:\/\/labs.icahn.mssm.edu\/ghaffarilab\/wp-content\/uploads\/sites\/347\/2023\/08\/Sathish-Kumar.png&#8221; _builder_version=&#8221;4.16&#8243; _module_preset=&#8221;default&#8221; global_colors_info=&#8221;{}&#8221;][\/et_pb_team_member][et_pb_team_member name=&#8221;Julia Luciano Pereira, PhD&#8221; position=&#8221;Julia Luciano Pereira was the lab manager from 2006 to 2009. She went on to earn her PhD. degree at Purdue University. &#8221; image_url=&#8221;https:\/\/labs.icahn.mssm.edu\/ghaffarilab\/wp-content\/uploads\/sites\/347\/2023\/08\/Julia-Luciano.jpg&#8221; _builder_version=&#8221;4.16&#8243; _module_preset=&#8221;default&#8221; global_colors_info=&#8221;{}&#8221;][\/et_pb_team_member][et_pb_team_member name=&#8221;Anoushiravan Amini, MD&#8221; position=&#8221;Anoushiravan Amini, MD. was a visiting physician in 2008. He is now an Assistant Professor of Cardiothoracic and Vascular Surgery at Albert Einstein College of Medicine. &#8221; image_url=&#8221;https:\/\/labs.icahn.mssm.edu\/ghaffarilab\/wp-content\/uploads\/sites\/347\/2023\/08\/Anoushiravan-Amini.jpg&#8221; _builder_version=&#8221;4.16&#8243; _module_preset=&#8221;default&#8221; global_colors_info=&#8221;{}&#8221;][\/et_pb_team_member][et_pb_team_member name=&#8221;Dragan Marinkovic, PhD&#8221; position=&#8221;Dragan Marinkovic, PhD. did his post doctoral fellowship in the lab from 2004 to 2006. He is currently a Professor at the University of Belgrade in Serbia. &#8221; image_url=&#8221;https:\/\/labs.icahn.mssm.edu\/ghaffarilab\/wp-content\/uploads\/sites\/347\/2023\/08\/Dragan.jpg&#8221; _builder_version=&#8221;4.16&#8243; _module_preset=&#8221;default&#8221; global_colors_info=&#8221;{}&#8221;][\/et_pb_team_member][et_pb_team_member name=&#8221;Wei Zhao, PhD&#8221; position=&#8221;Wei Zhao, PhD. did her post doctoral fellowship in the lab from 2003 to 2005. She is currently an Associate Clinical Professor at the Icahn School of Medicine at Mount Sinai. &#8221; image_url=&#8221;https:\/\/labs.icahn.mssm.edu\/ghaffarilab\/wp-content\/uploads\/sites\/347\/2023\/08\/Wei-Zhao-1.jpg&#8221; _builder_version=&#8221;4.16&#8243; _module_preset=&#8221;default&#8221; global_colors_info=&#8221;{}&#8221;][\/et_pb_team_member][\/et_pb_column][\/et_pb_row][\/et_pb_section][et_pb_section fb_built=&#8221;1&#8243; _builder_version=&#8221;4.16&#8243; global_colors_info=&#8221;{}&#8221;][et_pb_row _builder_version=&#8221;4.16&#8243; custom_padding=&#8221;26px|0px|27px|0px|false|false&#8221; global_colors_info=&#8221;{}&#8221;][et_pb_column type=&#8221;4_4&#8243; _builder_version=&#8221;4.16&#8243; custom_padding=&#8221;|||&#8221; global_colors_info=&#8221;{}&#8221; custom_padding__hover=&#8221;|||&#8221;][et_pb_text _builder_version=&#8221;4.27.4&#8243; text_font=&#8221;||||||||&#8221; custom_margin=&#8221;-7px||&#8221; global_colors_info=&#8221;{}&#8221;]<\/p>\n<h4><strong>Summer\/Visiting Students\/SURPs<\/strong><\/h4>\n<p><strong><\/strong><\/p>\n<table width=\"443\">\n<tbody>\n<tr>\n<td>\n<p>Grace Carter<\/p>\n<\/td>\n<td>Summer Intern<\/td>\n<td>2025<\/td>\n<td>\n<p>Undergraduate, Columbia University<\/p>\n<\/td>\n<\/tr>\n<tr>\n<td width=\"111\">\n<p>Abby Sarkar<\/p>\n<p>&nbsp;<\/p>\n<\/td>\n<td width=\"111\">Summer Intern Barnard University<\/td>\n<td width=\"111\">2006<\/td>\n<td width=\"111\">\n<p>PhD Harvard, Boston MA<\/p>\n<p><span style=\"font-size: 14px\">Post-doctoral Fellow, Developmental Biology, Stanford University, Standford,\u00a0California<\/span><\/p>\n<\/td>\n<\/tr>\n<tr>\n<td width=\"111\">Stephanie\u00a0<span style=\"font-size: 14px\">Gachet<\/span><\/td>\n<td width=\"111\">Visiting Student<\/td>\n<td width=\"111\">2006<\/td>\n<td width=\"111\"><\/td>\n<\/tr>\n<tr>\n<td width=\"111\">H\u00e9l\u00e8ne Kahn<\/td>\n<td width=\"111\">Visiting Student<\/td>\n<td width=\"111\">2007<\/td>\n<td width=\"111\">Scientist, Institut Pasteur, Paris, France<\/td>\n<\/tr>\n<tr>\n<td width=\"111\" style=\"text-align: left\">\u00a0<span style=\"font-size: 14px\">Ashira Lubkin<\/span><\/td>\n<td width=\"111\" style=\"text-align: left\">SURP<\/td>\n<td width=\"111\" style=\"text-align: left\">2007<\/td>\n<td width=\"111\" style=\"text-align: left\">\n<p>MD PhD, NYU,<\/p>\n<p>Post-Doctoral Fellow, NYU<\/p>\n<\/td>\n<\/tr>\n<tr>\n<td width=\"111\">Marina Moskalenko<\/td>\n<td width=\"111\">Summer Intern<\/td>\n<td width=\"111\">2008<\/td>\n<td width=\"111\">Radiation Oncology Resident Physician at University of Colorado Anschutz Medical Campus<\/td>\n<\/tr>\n<tr>\n<td width=\"111\">Marie Brault<\/td>\n<td width=\"111\">SURP<\/td>\n<td width=\"111\">2009<\/td>\n<td width=\"111\">\n<p>PhD, Medical anthropology,<\/p>\n<p>Associate Research Scientist,<\/p>\n<p>Yale School of Public Health<\/p>\n<\/td>\n<\/tr>\n<tr>\n<td width=\"111\">Sebastien Lofek-Czubek<\/td>\n<td width=\"111\">Summer Intern<\/td>\n<td width=\"111\">2011<\/td>\n<td width=\"111\">Staff scientist INSERM, Paris, France<\/td>\n<\/tr>\n<tr>\n<td width=\"111\">Adithya Sarveswaran<\/td>\n<td width=\"111\">Summer Intern<\/td>\n<td width=\"111\">2011<\/td>\n<td width=\"111\">Principal Structural Engineer, Northrop Grumman<\/td>\n<\/tr>\n<tr>\n<td width=\"111\">Yasi Azodi<\/td>\n<td width=\"111\">SURP<\/td>\n<td width=\"111\">2012<\/td>\n<td width=\"111\">Technology Consulting at Accenture; BSc, University of Washington<\/td>\n<\/tr>\n<tr>\n<td width=\"111\">Tolulope Akinade<\/td>\n<td width=\"111\">SURP<\/td>\n<td width=\"111\">2013<\/td>\n<td width=\"111\">MD-PhD student ISMMS<\/td>\n<\/tr>\n<tr>\n<td width=\"111\">Varun Arvind<\/td>\n<td width=\"111\">SURP<\/td>\n<td width=\"111\">2014<\/td>\n<td width=\"111\">MD-PhD student ISMMS<\/td>\n<\/tr>\n<tr>\n<td width=\"111\">Cynthia Vlad<\/td>\n<td width=\"111\">Summer Intern<\/td>\n<td width=\"111\">2015<\/td>\n<td width=\"111\">MD,\u00a0<span style=\"font-size: 14px\">Albert Einstein School of Medicine, NY, NY<\/span><\/td>\n<\/tr>\n<\/tbody>\n<\/table>\n<p>&nbsp;<\/p>\n<p>[\/et_pb_text][\/et_pb_column][\/et_pb_row][\/et_pb_section][et_pb_section fb_built=&#8221;1&#8243; _builder_version=&#8221;4.16&#8243; _module_preset=&#8221;default&#8221; global_colors_info=&#8221;{}&#8221;][\/et_pb_section]<\/p>\n","protected":false},"excerpt":{"rendered":"<p>ALUMNISummer\/Visiting Students\/SURPs Grace Carter Summer Intern 2025 Undergraduate, Columbia University Abby Sarkar &nbsp; Summer Intern Barnard University 2006 PhD Harvard, Boston MA Post-doctoral Fellow, Developmental Biology, Stanford University, Standford,\u00a0California Stephanie\u00a0Gachet Visiting Student 2006 H\u00e9l\u00e8ne Kahn Visiting Student 2007 Scientist, Institut Pasteur, Paris, France \u00a0Ashira Lubkin SURP 2007 MD PhD, NYU, Post-Doctoral Fellow, NYU Marina Moskalenko [&hellip;]<\/p>\n","protected":false},"author":391,"featured_media":0,"parent":0,"menu_order":5,"comment_status":"closed","ping_status":"closed","template":"","meta":{"_et_pb_use_builder":"on","_et_pb_old_content":"","_et_gb_content_width":"","footnotes":""},"class_list":["post-1536","page","type-page","status-publish","hentry"],"aioseo_notices":[],"_links":{"self":[{"href":"https:\/\/labs.icahn.mssm.edu\/ghaffarilab\/wp-json\/wp\/v2\/pages\/1536","targetHints":{"allow":["GET"]}}],"collection":[{"href":"https:\/\/labs.icahn.mssm.edu\/ghaffarilab\/wp-json\/wp\/v2\/pages"}],"about":[{"href":"https:\/\/labs.icahn.mssm.edu\/ghaffarilab\/wp-json\/wp\/v2\/types\/page"}],"author":[{"embeddable":true,"href":"https:\/\/labs.icahn.mssm.edu\/ghaffarilab\/wp-json\/wp\/v2\/users\/391"}],"replies":[{"embeddable":true,"href":"https:\/\/labs.icahn.mssm.edu\/ghaffarilab\/wp-json\/wp\/v2\/comments?post=1536"}],"version-history":[{"count":48,"href":"https:\/\/labs.icahn.mssm.edu\/ghaffarilab\/wp-json\/wp\/v2\/pages\/1536\/revisions"}],"predecessor-version":[{"id":1991,"href":"https:\/\/labs.icahn.mssm.edu\/ghaffarilab\/wp-json\/wp\/v2\/pages\/1536\/revisions\/1991"}],"wp:attachment":[{"href":"https:\/\/labs.icahn.mssm.edu\/ghaffarilab\/wp-json\/wp\/v2\/media?parent=1536"}],"curies":[{"name":"wp","href":"https:\/\/api.w.org\/{rel}","templated":true}]}}