{"id":334,"date":"2025-05-20T17:19:02","date_gmt":"2025-05-20T17:19:02","guid":{"rendered":"https:\/\/labs.icahn.mssm.edu\/center-for-therapeutics-discovery\/?page_id=334"},"modified":"2025-12-10T20:08:36","modified_gmt":"2025-12-10T20:08:36","slug":"2023-publications","status":"publish","type":"page","link":"https:\/\/labs.icahn.mssm.edu\/center-for-therapeutics-discovery\/2023-publications\/","title":{"rendered":"2023 Publications"},"content":{"rendered":"<p>&nbsp;<\/p>\n<p style=\"text-align: center\"><strong>2023 Publications<\/strong><\/p>\n<p style=\"text-align: center\"><strong>Selective 11 of total 24 of 2023 Publications<\/strong><\/p>\n<p><u>Dang, F.;<\/u> <u>Bai, L.;<\/u> <u>Dong, J.;<\/u> <u>Hu, X.;<\/u> Wang, J.; Paulo, J. A.; Xiong, Y.; Liang, X.; Sun, Y.; Chen, Y.; Guo, M.; Wang, X.; Huang, Z.; Inuzuka, H.; Chen, L.; Chu, C.; Liu, J.; Zhang, T.; Rezaeian, A.-H.; Liu, J.; Kaniskan, H. \u00dc.; Zhong, B.; Zhang, J.; Letko, M.; Jin, J. *; Lan, K. *; Wei, W. *, USP2 inhibition prevents infection with ACE2-dependent coronaviruses in vitro and is protective against SARS-CoV-2 in mice.\u00a0 <strong>Science Translational Medicine<\/strong>. 2023<strong>,<\/strong> <em>15<\/em> (725): eadh7668. PMID:<a href=\"https:\/\/pubmed.ncbi.nlm.nih.gov\/38055802\/\"> 38055802<\/a>.<\/p>\n<p class=\"p1\"><span style=\"color: #333300\"> <u>Yu, X.; Li, D.; Kottur, J.<\/u>; Kim, H. S.; Herring, L. E.; Yu, Y.; Xie, L.; Hu, X.; Chen, X.; Cai, L.; Liu, J.; Aggarwal, A. K.; Wang, G. G. *; Jin, J.*, Discovery of Potent and Selective WDR5 Proteolysis Targeting Chimeras as Potential Therapeutics for Pancreatic Cancer. <em><strong>Journal of Medicinal Chemistry<\/strong><strong><em>. <\/em><\/strong>2023<strong>, <\/strong><\/em>66(23): 16168\u201316186. PMID:<a href=\"https:\/\/pubmed.ncbi.nlm.nih.gov\/38019706\/\"> 38019706.<\/a><\/span><\/p>\n<p><span style=\"color: #333300\">Wang Z.; Liu J.; Qiu X.; Zhang D.; Inuzuka H.; Chen L.; Chen H.; Xie L.; Kaniskan H\u00dc.; Chen X.; Jin J.* ; Wei W.* , Methylated Nucleotide-Based Proteolysis-Targeting Chimera Enables Targeted Degradation of Methyl-CpG-Binding Protein 2. <em><strong>Journal of the American Chemical Society <\/strong><\/em>. 2023, 145(40): 21871\u201321878. PMID: <a href=\"https:\/\/pubmed.ncbi.nlm.nih.gov\/37774414\/\">37774414<\/a>.<\/span><\/p>\n<p><span style=\"text-decoration: underline\">Kabir, M.; Sun, N.; Hu, X.;<\/span> Martin, T. C.; Yi, J.; Zhong, Y.; Xiong, Y.; Kaniskan, H. \u00dc.; Gu, W.; Parsons, R.; Jin, J.*; Acetylation Targeting Chimera Enables Acetylation of the Tumor Suppressor p53. <strong><em>Journal of the American Chemical Society<\/em><\/strong>\u00a02023,\u00a0145(27):14932-14944. PMID:<a href=\"https:\/\/pubmed.ncbi.nlm.nih.gov\/37365684\/\"><span style=\"color: #0000ff\"> 37365684.<\/span><\/a><\/p>\n<p>Velez, J.; Kaniskan, H. \u00dc.*; Jin, J.*; Recent advances in developing degraders &amp; inhibitors of lysine methyltransferases. <strong>Current Opinion in Chemical Biology,<\/strong>\u00a02023, 76:102356. PMID: <a href=\"https:\/\/pubmed.ncbi.nlm.nih.gov\/37379717\/\"><span style=\"color: #0000ff\">37379717.<\/span><\/a><\/p>\n<p class=\"p1\"><span style=\"color: #333300\">Kabir, M.; Yu, X.; Kaniskan, H. \u00dc.*; Jin, J.*; Chemically induced degradation of epigenetic targets. <strong><em>Chemical Society Reviews,<\/em><\/strong><em><strong>\u00a0<\/strong><\/em>2023, 52(13):4313-4342. <span class=\"identifier pubmed\"><span class=\"id-label\">PMID:\u00a0<\/span><a href=\"https:\/\/pubmed.ncbi.nlm.nih.gov\/37314393\/\"><span style=\"color: #0000ff\">37314393.<\/span><\/a><\/span><\/span><\/p>\n<p><span style=\"text-decoration: underline\">Zhao, N.; Ho, J. S. Y.; Meng, F.;<\/span> Zheng, S.; Kurland, A. P.; Tian, L.; Rea-Moreno, M.; Song, X.; Seo, J. S.; Kaniskan, H. \u00dc.; Te Velthuis, A. J. W.; Tortorella, D.; Chen, Y. W.; Johnson, J. R.; Jin, J.*; Marazzi, I.*; Generation of host-directed and virus-specific antivirals using targeted protein degradation promoted by small molecules and viral RNA mimics. <em><strong>Cell Host Microbe,<\/strong><\/em>\u00a02023, 31(7):1154-1169.e10. PMID:<a href=\"https:\/\/pubmed.ncbi.nlm.nih.gov\/37339625\/\"><span style=\"color: #0000ff\"> 37339625.<\/span><\/a><\/p>\n<p><span style=\"text-decoration: underline\">Yu, X.; Wang, J.;<\/span> Gong, W.; Ma, A.; Shen, Y.; Zhang, C.; Liu, X.; Cai, L.; Liu, J.; Wang, G. G.*; Jin, J.*; Dissecting and targeting noncanonical functions of EZH2 in multiple myeloma via an EZH2 degrader. <strong><i>Oncogene<\/i><\/strong>, 2023, 42(13):994-1009. <span class=\"identifier pubmed\"><span class=\"id-label\">PMID:\u00a0<\/span><a href=\"https:\/\/pubmed.ncbi.nlm.nih.gov\/36747009\/\"><span style=\"text-decoration: underline\"><span style=\"color: #0000ff;text-decoration: underline\">36747009.<\/span><\/span><\/a><\/span><\/p>\n<p class=\"p1\"><span style=\"color: #333300\">Park, K. S.; Qin, L.; Kabir, M.; Luo, K.; Dale, B.; Zhong, Y.; Kim, A.; Wang, G. G.; Kaniskan, H. \u00dc.; Jin, J*; Targeted Degradation of PRC1 Components, BMI1 and RING1B, via a Novel Protein Complex Degrader Strategy. <strong>Advanced science (Weinheim, Baden-W\u00fcrttemberg, Germany)<\/strong><i><strong>.<\/strong><\/i>\u00a02023, 10(10):e2205573. <span class=\"identifier pubmed\"><span class=\"id-label\">PMID:<span style=\"color: #0000ff\"><a style=\"color: #0000ff\" href=\"https:\/\/pubmed.ncbi.nlm.nih.gov\/36737841\/\">\u00a0<\/a><\/span><\/span><a href=\"https:\/\/pubmed.ncbi.nlm.nih.gov\/36737841\/\"><span style=\"color: #0000ff\">36737841.<\/span><\/a><\/span><\/span><\/p>\n<p><span style=\"text-decoration: underline\">Sun, N.; Kabir, M.;<\/span> Lee, Y.; Xie, L.; Hu, X.; Velez, J.; Chen, X.; Kaniskan, H. \u00dc.*; &amp; Jin, J*; Discovery of the First Lactate Dehydrogenase Proteolysis Targeting Chimera Degrader for the Treatment of Pancreatic Cancer. <strong>Journal of Medicinal Chemistry<i>. <\/i><\/strong>2023, 66(1):596-610. <span class=\"identifier pubmed\"><span class=\"id-label\">PMID:\u00a0<\/span><a href=\"https:\/\/pubmed.ncbi.nlm.nih.gov\/36538511\/\"><span style=\"color: #0000ff\">36538511.<\/span><\/a><\/span><\/p>\n<p><span style=\"text-decoration: underline\">Marcellino, B. K.; Yang, X.; \u00dcmit Kaniskan, H.;<\/span> Brady, C.; Chen, H.; Chen, K.; Qiu, X.; Clementelli, C.; Herschbein, L.; Li, Z.; Elghaity-Beckley, S.; Arandela, J.; Kelly, B.; Hoffman, R.; Liu, J.; Xiong, Y.; Jin, J.*; Shih, A. H.*; An MDM2 degrader for treatment of acute leukemias.<strong> <i>Leukemia<\/i><\/strong>, 2023, 37(2):370-378. <span class=\"identifier pubmed\"><span class=\"id-label\">PMID:\u00a0<\/span><span style=\"color: #0000ff\"><a style=\"color: #0000ff\" href=\"https:\/\/pubmed.ncbi.nlm.nih.gov\/36309559\/\">36309559<\/a><\/span><\/span><\/p>\n<p class=\"p1\"><span style=\"color: #333300\">Uma\u00f1a, J.D.; Wasserman S.R.; Song L; Goel A.A; Yu X.; Jin J; Hathaway N.A. *, Chemical Epigenetic Regulation of Adeno-Associated Virus Delivered Transgenes.\u00a0<strong>Human Gene Therapy<\/strong><em>.<\/em> 2023, 34(17-18): 947-957. PMID: <a href=\"https:\/\/pubmed.ncbi.nlm.nih.gov\/37624737\/\">37624737<\/a>. <\/span><\/p>\n<p class=\"p1\"><span style=\"color: #333300\"> Pogorelov, V. M.*; Martini, M. L.; Jin, J.; Wetsel, W. C.;* Caron, M. G., Dopamine-Depleted Dopamine Transporter Knockout (DDD) Mice: Dyskinesia with L-DOPA and Dopamine D1 Agonists. <em><strong>Biomolecules<\/strong><\/em>, 2023, 13(11): 1658. PMID: <a href=\"https:\/\/pubmed.ncbi.nlm.nih.gov\/38002340\/\">38002340<\/a>.<\/span><\/p>\n<p class=\"p1\"><span style=\"color: #333300\">Muneer, A.;Wang, L.; Xie, L.; Zhang, F.; Wu, B.; Mei, L.; Lenarcic, E. M.; Feng, E. H.; Song, J.; Xiong, Y.; Yu, X.; Wang, C.; Jain, K.; Strahl, B.; Cook, J. G.; Wan, Y. Y.; Moorman, N. J.; Song, H.; Jin, J.; Chen, X. *, &#8220;Non-canonical function of histone methyltransferase G9a in the translational regulation of chronic inflammation.&#8221;<strong><span style=\"color: #333300\"> Cell Chemical Biology<\/span><\/strong>, 2023, 30:1525-1541.e7. PMID: <a href=\"https:\/\/pubmed.ncbi.nlm.nih.gov\/37858336\/\">37858336<\/a>.<\/span><\/p>\n<p class=\"p1\"><span style=\"color: #333300\">Gray, Z. H.;Chakraborty, D.;\u00a0 Duttweiler, R. R.; Alekbaeva, G. D.;\u00a0 Murphy, S. E.;\u00a0 Chetal, K.;\u00a0 Ji, F.;\u00a0 Ferman, B. I.;\u00a0 Honer, M. A.;\u00a0 Wang, Z.;\u00a0 Myers, C.;\u00a0 Sun, R.;\u00a0 Kaniskan, H. \u00dc.;\u00a0 Toma, M. M.;\u00a0 Bondarenko, E. A.;\u00a0 Santoro, J. N.;\u00a0 Miranda, C.;\u00a0 Dillingham, M. E.;\u00a0 Tang, R.;\u00a0 Gozani, O.;\u00a0 Jin, J.;\u00a0 Skorski, T.;\u00a0 Duy, C.;\u00a0 Lee, H.;\u00a0 Sadreyev, R. I.; Whetstine, J. R.*, Epigenetic balance ensures mechanistic control of <em>MLL<\/em> amplification and rearrangement. <em><strong>Cell<\/strong>, <\/em>2023, 186(21):4528-4545.e18. PMID: <a href=\"https:\/\/pubmed.ncbi.nlm.nih.gov\/37788669\/\">37788669<\/a>.<\/span><\/p>\n<p>Salas-Estrada, L.; Provasi, D.; Qiu, X.; Kaniskan, H. \u00dc.; Huang, X. P.; DiBerto, J. F.; Lamim Ribeiro, J. M.; Jin, J.; Roth, B. L.; Filizola, M.; De Novo Design of \u03ba-Opioid Receptor Antagonists Using a Generative Deep-Learning Framework. <strong>Journal of Chemical Information and Modeling<\/strong>,\u00a0<i>63<\/i>(16): 5056\u20135065. <span class=\"identifier pubmed\"><span class=\"id-label\">PMID:\u00a0<\/span><a href=\"https:\/\/pubmed.ncbi.nlm.nih.gov\/37555591\/\"><span style=\"color: #0000ff\">37555591<\/span>.<\/a><\/span><\/p>\n<p class=\"p1\"><span style=\"color: #333300\"> Rialdi, A.; Duffy, M.; Scopton, A. P.; Fonseca, F.; Zhao, J. N.; Schwarz, M.; Molina-Sanchez, P.; Mzoughi, S.; Arceci, E.; Abril-Fornaguera, J.; Meadows, A.; Ruiz de Galarreta, M.; Torre, D.; Reyes, K.; Lim, Y. T.; Rosemann, F.; Khan, Z. M.; Mohammed, K.; Wang, X.; Yu, X.; Jin, J.; Guccione, E; Dar, A. C.; WNTinib is a multi-kinase inhibitor with specificity against \u03b2-catenin mutant hepatocellular carcinoma. <strong>Nature cancer<\/strong>, 2023, 4(8):1157-1175. <span class=\"identifier pubmed\"><span class=\"id-label\">PMID:\u00a0<\/span><a href=\"https:\/\/pubmed.ncbi.nlm.nih.gov\/37537299\/\"><span style=\"color: #0000ff\">37537299.<\/span><\/a><\/span><\/span><\/p>\n<p class=\"p1\"><span style=\"color: #333300\">Gao, J.; Yang, L.; Lei, S.; Zhou, F.; Nie, H.; Peng, B.; Xu, T.; Chen, X.; Yang, X.; Sheng, C.; Rao, Y.; Pu, K.; Jin, J.; Xu, Z.; Yu, H.; Stimuli-activatable PROTACs for precise protein degradation and cancer therapy. <strong><i>Science bulletin<\/i><\/strong>, 2023, <i>68<\/i>(10): 1069\u20131085. PMID:<a href=\"https:\/\/pubmed.ncbi.nlm.nih.gov\/37169612\/\"> <span style=\"color: #0000ff\">37169612.<\/span><\/a><\/span><\/p>\n<p class=\"p1\"><span style=\"color: #333300\">Schwalm, M. P.; Kr\u00e4mer, A.; D\u00f6lle, A.; Weckesser, J.; Yu, X.; Jin, J.; Saxena, K.; Knapp, S.; Tracking the PROTAC degradation pathway in living cells highlights the importance of ternary complex measurement for PROTAC optimization. <strong>Cell Chemical Biology,<\/strong>\u00a02023, 30:753-765.e8. PMID: <a href=\"https:\/\/pubmed.ncbi.nlm.nih.gov\/37354907\/\"><span style=\"color: #0000ff\">37354907.<\/span><\/a><\/span><\/p>\n<p class=\"p1\"><span style=\"color: #333300\">Yi, J.; Li, H.; Chu, B.; Kon, N.; Hu, X.; Hu, J.; Xiong, Y.; Kaniskan, H. U.; Jin, J.; Gu, W*; Inhibition of USP7 induces p53-independent tumor growth suppression in triple-negative breast cancers by destabilizing FOXM1. <strong>Cell Death &amp; Differentiation<\/strong><em><strong>,<\/strong><\/em>\u00a02023, 30(7):1799-1810. <span class=\"identifier pubmed\"><span class=\"id-label\">PMID:\u00a0<\/span><a href=\"https:\/\/pubmed.ncbi.nlm.nih.gov\/37291217\/\"><span style=\"color: #0000ff\">37291217.<\/span><\/a><\/span><\/span><\/p>\n<p class=\"p1\"><span style=\"color: #333300\"><span style=\"text-decoration: underline\">Singh, I.; Li, F.; Fink, E. A.;<\/span> Chau, I.; Li, A.; Rodriguez-Hern\u00e1ndez, A.; Glenn, I.; Zapatero-Belinch\u00f3n, F. J.; Rodriguez, M. L.; Devkota, K.; Deng, Z.; White, K.; Wan, X.; Tolmachova, N. A.; Moroz, Y. S.; Kaniskan, H. \u00dc.; Ott, M.; Garc\u00eda-Sastre, A.; Jin, J.; Fujimori, D. G.; Shoichet, B. K.*; Structure-Based Discovery of Inhibitors of the SARS-CoV-2 Nsp14 N7-Methyltransferase. <strong><i>J. Med. Chem, <\/i><\/strong>2023, 66(12):7785-7803. <span class=\"identifier pubmed\"><span class=\"id-label\">PMID:\u00a0<\/span><span style=\"color: #0000ff\"><a style=\"color: #0000ff\" href=\"https:\/\/pubmed.ncbi.nlm.nih.gov\/37294077\/\">37294077.<\/a><\/span><\/span><\/span><\/p>\n<p><span style=\"text-decoration: underline\">Wang, Z.; Liu, J.<\/span>; Chen, H.; Qiu, X.; Xie, L.; Kaniskan, H. \u00dc.; Chen, X.; Jin, J.*; Wei, W.*; Telomere Targeting Chimera Enables Targeted Destruction of Telomeric Repeat-Binding Factor Proteins. <strong>Journal of the American Chemical Society<\/strong><em><strong>.<\/strong><\/em> 2023, 145(19):10872-10879. PMID: <a href=\"https:\/\/pubmed.ncbi.nlm.nih.gov\/37141574\/#:~:text=The%20prototype%20telomere-targeting%20chimeras%20%28TeloTACs%29%20efficiently%20degrade%20TRF1%2F2,shortening%20of%20telomeres%20and%20suppressed%20cancer%20cell%20proliferation.\"><span style=\"color: #0000ff\">37141574.<\/span><\/a><\/p>\n<p class=\"p1\"><span style=\"color: #333300\">Qiang, N.; Ao, J.; Nakamura, M.*; Chiba, T.; Kusakabe, Y.; Kaneko, T.; Kurosugi, A.; Kogure, T.; Ma, Y.; Zhang, J.; Ogawa, K.; Kan, M.; Iwanaga, T.; Sakuma, T.; Kanayama, K.; Kanzaki, H.; Kojima, R.; Nakagawa, R.; Kondo, T.; Nakamoto, S.; \u2026 Jin, J.; Kato, N.; Alteration of the tumor microenvironment by pharmacological inhibition of EZH2 in hepatocellular carcinoma.<strong> <i>Int immunopharmacol.<\/i><\/strong> 2023, 118:110068. <span class=\"identifier pubmed\"><span class=\"id-label\">PMID:\u00a0<\/span><a href=\"https:\/\/pubmed.ncbi.nlm.nih.gov\/37001386\/\"><span style=\"color: #0000ff\">37001386.<\/span><\/a><\/span><\/span><\/p>\n<p class=\"p1\"><span style=\"color: #333300\">Vital, T.; Wali, A.; Butler, K. V.; Xiong, Y.; Foster, J. P.; Marcel, S. S.; McFadden, A. W.; Nguyen, V. U.; Bailey, B. M.; Lamb, K. N.; James, L. I.; Frye, S. V.; Mosely, A. L.; Jin, J.; Pattenden, S. G.; Davis, I. J.*; MS0621, a novel small-molecule modulator of Ewing sarcoma chromatin accessibility, interacts with an RNA-associated macromolecular complex and influences RNA splicing. <em><strong>Frontiers in Oncology<\/strong><\/em>, 2023, 13:1099550. <span class=\"identifier pubmed\"><span class=\"id-label\">PMID:\u00a0<\/span><span style=\"color: #0000ff\"><a style=\"color: #0000ff\" href=\"https:\/\/pubmed.ncbi.nlm.nih.gov\/36793594\/\">36793594.<\/a><\/span><\/span><\/span><\/p>\n<p style=\"text-align: center\"><strong>For papers published before 2023, please see Dr. Jin&#8217;s full publication list <\/strong><\/p>\n<p><a href=\"https:\/\/www.ncbi.nlm.nih.gov\/myncbi\/jian.jin.1\/bibliography\/public\/\"><strong>Jin Lab Full Publication List<\/strong><\/a><br \/>\n<a href=\"https:\/\/labs.icahn.mssm.edu\/center-for-therapeutics-discovery\/15-2\/\" title=\"11:29 AM\" rel=\"bookmark\">Dec 10, 2025<\/a><\/p>\n","protected":false},"excerpt":{"rendered":"<p>&nbsp; 2023 Publications Selective 11 of total 24 of 2023 Publications Dang, F.; Bai, L.; Dong, J.; Hu, X.; Wang, J.; Paulo, J. A.; Xiong, Y.; Liang, X.; Sun, Y.; Chen, Y.; Guo, M.; Wang, X.; Huang, Z.; Inuzuka, H.; Chen, L.; Chu, C.; Liu, J.; Zhang, T.; Rezaeian, A.-H.; Liu, J.; Kaniskan, H. \u00dc.; [&hellip;]<\/p>\n","protected":false},"author":43,"featured_media":0,"parent":0,"menu_order":0,"comment_status":"closed","ping_status":"closed","template":"","meta":{"footnotes":""},"class_list":["post-334","page","type-page","status-publish","hentry"],"aioseo_notices":[],"_links":{"self":[{"href":"https:\/\/labs.icahn.mssm.edu\/center-for-therapeutics-discovery\/wp-json\/wp\/v2\/pages\/334","targetHints":{"allow":["GET"]}}],"collection":[{"href":"https:\/\/labs.icahn.mssm.edu\/center-for-therapeutics-discovery\/wp-json\/wp\/v2\/pages"}],"about":[{"href":"https:\/\/labs.icahn.mssm.edu\/center-for-therapeutics-discovery\/wp-json\/wp\/v2\/types\/page"}],"author":[{"embeddable":true,"href":"https:\/\/labs.icahn.mssm.edu\/center-for-therapeutics-discovery\/wp-json\/wp\/v2\/users\/43"}],"replies":[{"embeddable":true,"href":"https:\/\/labs.icahn.mssm.edu\/center-for-therapeutics-discovery\/wp-json\/wp\/v2\/comments?post=334"}],"version-history":[{"count":7,"href":"https:\/\/labs.icahn.mssm.edu\/center-for-therapeutics-discovery\/wp-json\/wp\/v2\/pages\/334\/revisions"}],"predecessor-version":[{"id":339,"href":"https:\/\/labs.icahn.mssm.edu\/center-for-therapeutics-discovery\/wp-json\/wp\/v2\/pages\/334\/revisions\/339"}],"wp:attachment":[{"href":"https:\/\/labs.icahn.mssm.edu\/center-for-therapeutics-discovery\/wp-json\/wp\/v2\/media?parent=334"}],"curies":[{"name":"wp","href":"https:\/\/api.w.org\/{rel}","templated":true}]}}