
{"id":4741,"date":"2023-10-10T10:40:14","date_gmt":"2023-10-10T14:40:14","guid":{"rendered":"https:\/\/labs.icahn.mssm.edu\/bernsteinlab2\/?page_id=4741"},"modified":"2025-08-27T15:12:40","modified_gmt":"2025-08-27T19:12:40","slug":"alumni","status":"publish","type":"page","link":"https:\/\/labs.icahn.mssm.edu\/bernsteinlab\/alumni\/","title":{"rendered":"Alumni"},"content":{"rendered":"<p>[et_pb_section fb_built=&#8221;1&#8243; admin_label=&#8221;Fullwidth Header &#8211; Background Title &#8211; no slider &#8211; Section 1&#8243; module_class=&#8221;section1_fullwidth_header_bg_title_no_slider-team&#8221; _builder_version=&#8221;4.9.0&#8243; _module_preset=&#8221;default&#8221; background_enable_color=&#8221;off&#8221; use_background_color_gradient=&#8221;on&#8221; background_color_gradient_start=&#8221;#141414&#8243; background_color_gradient_end=&#8221;rgba(20,20,20,0.15)&#8221; background_color_gradient_direction=&#8221;1deg&#8221; background_color_gradient_end_position=&#8221;70%&#8221; background_color_gradient_overlays_image=&#8221;on&#8221; background_image=&#8221;https:\/\/labs.icahn.mssm.edu\/bernsteinlab2\/wp-content\/uploads\/sites\/498\/2023\/10\/Image-1-scaled.jpg&#8221; background_position=&#8221;top_center&#8221; custom_padding=&#8221;||||false|false&#8221; bottom_divider_style=&#8221;ramp2&#8243; bottom_divider_color=&#8221;#FFFFFF&#8221; bottom_divider_height=&#8221;11vw&#8221; bottom_divider_arrangement=&#8221;above_content&#8221; animation_style=&#8221;fade&#8221; animation_duration=&#8221;750ms&#8221; locked=&#8221;off&#8221; collapsed=&#8221;on&#8221;][et_pb_row column_structure=&#8221;1_2,1_2&#8243; _builder_version=&#8221;4.9.0&#8243; _module_preset=&#8221;default&#8221; background_color=&#8221;RGBA(0,0,0,0)&#8221; custom_padding=&#8221;||227px|||&#8221; border_color_all=&#8221;RGBA(0,0,0,0)&#8221; global_module=&#8221;4739&#8243; saved_tabs=&#8221;all&#8221;][et_pb_column type=&#8221;1_2&#8243; _builder_version=&#8221;4.9.0&#8243; _module_preset=&#8221;default&#8221; custom_padding=&#8221;10%||8vw||false|false&#8221; custom_padding_tablet=&#8221;0vw||0vw||true|false&#8221; custom_padding_phone=&#8221;&#8221; custom_padding_last_edited=&#8221;on|tablet&#8221;][\/et_pb_column][et_pb_column type=&#8221;1_2&#8243; _builder_version=&#8221;4.9.0&#8243; _module_preset=&#8221;default&#8221; background_color=&#8221;RGBA(0,0,0,0)&#8221;][\/et_pb_column][\/et_pb_row][et_pb_row _builder_version=&#8221;4.9.0&#8243; _module_preset=&#8221;default&#8221;][et_pb_column type=&#8221;4_4&#8243; _builder_version=&#8221;4.9.0&#8243; _module_preset=&#8221;default&#8221;][\/et_pb_column][\/et_pb_row][\/et_pb_section][et_pb_section fb_built=&#8221;1&#8243; _builder_version=&#8221;4.9.0&#8243; _module_preset=&#8221;default&#8221; custom_padding=&#8221;||0px|||&#8221;][et_pb_row _builder_version=&#8221;4.9.0&#8243; _module_preset=&#8221;default&#8221;][et_pb_column type=&#8221;4_4&#8243; _builder_version=&#8221;4.9.0&#8243; _module_preset=&#8221;default&#8221;][et_pb_text _builder_version=&#8221;4.9.0&#8243; _module_preset=&#8221;default&#8221; custom_padding=&#8221;||36px|||&#8221;]<\/p>\n<h1 style=\"text-align: center\"><span style=\"text-decoration: underline\"><strong>Bernstein Lab Alumni<\/strong><\/span><\/h1>\n<p>[\/et_pb_text][\/et_pb_column][\/et_pb_row][\/et_pb_section][et_pb_section fb_built=&#8221;1&#8243; _builder_version=&#8221;4.9.0&#8243; _module_preset=&#8221;default&#8221; min_height=&#8221;107px&#8221; custom_margin=&#8221;61px||-42px|||&#8221; custom_padding=&#8221;17px||0px|||&#8221;][et_pb_row _builder_version=&#8221;4.9.0&#8243; _module_preset=&#8221;default&#8221; custom_margin=&#8221;-112px|auto||auto||&#8221; custom_padding=&#8221;6px|||||&#8221;][et_pb_column type=&#8221;4_4&#8243; _builder_version=&#8221;4.9.0&#8243; _module_preset=&#8221;default&#8221;][et_pb_text _builder_version=&#8221;4.9.0&#8243; _module_preset=&#8221;default&#8221; background_color=&#8221;#141414&#8243; width=&#8221;32%&#8221; module_alignment=&#8221;center&#8221; custom_margin=&#8221;-4px|646px|0px||false|false&#8221; border_radii=&#8221;on|4px|4px|4px|4px&#8221; border_width_all=&#8221;1px&#8221; border_color_all=&#8221;#141414&#8243; box_shadow_style=&#8221;preset2&#8243; box_shadow_color=&#8221;#FFFFFF&#8221;]<\/p>\n<h3 style=\"text-align: center\"><span style=\"color: #ffffff\"><strong>Postdoctoral Fellows and Instructors<\/strong><\/span><\/h3>\n<p>[\/et_pb_text][\/et_pb_column][\/et_pb_row][et_pb_row column_structure=&#8221;1_3,1_3,1_3&#8243; _builder_version=&#8221;4.9.0&#8243; _module_preset=&#8221;default&#8221;][et_pb_column type=&#8221;1_3&#8243; _builder_version=&#8221;4.9.0&#8243; _module_preset=&#8221;default&#8221;][et_pb_blurb image=&#8221;https:\/\/labs.icahn.mssm.edu\/bernsteinlab2\/wp-content\/uploads\/sites\/498\/2023\/10\/Alex-1.png&#8221; _builder_version=&#8221;4.9.0&#8243; _module_preset=&#8221;default&#8221; border_radii_image=&#8221;on|10px|10px|10px|10px&#8221;]<\/p>\n<p style=\"text-align: center\"><strong>Alexandre Gaspar-Maia, PhD<\/strong><\/p>\n<p style=\"text-align: center\">Current Position:<br \/> Assistant Professor<br \/> Laboratory of Functional Epigenomics<br \/> Mayo Clinic<br \/> Stabile 12-14<br \/> 200 First Street SW<br \/> Rochester MN 55905<br \/> <a href=\"mailto:Maia.Alexandre@mayo.edu\">Maia.Alexandre@mayo.edu\u00a0<\/a><span>\u00a0<\/span><br \/> (507) 293-2464<\/p>\n<p>[\/et_pb_blurb][\/et_pb_column][et_pb_column type=&#8221;1_3&#8243; _builder_version=&#8221;4.9.0&#8243; _module_preset=&#8221;default&#8221;][et_pb_blurb image=&#8221;https:\/\/labs.icahn.mssm.edu\/bernsteinlab2\/wp-content\/uploads\/sites\/498\/2023\/10\/Chiara-2.png&#8221; _builder_version=&#8221;4.9.0&#8243; _module_preset=&#8221;default&#8221; border_radii_image=&#8221;on|10px|10px|10px|10px&#8221;]<\/p>\n<p style=\"text-align: center\"><strong>Chiara Vardabasso, PhD<\/strong><\/p>\n<p style=\"text-align: center\">Current Position:<br \/> Principal Scientist<br \/>Preclinical Pharmacology<br \/> Deerfield Discovery and Development<br \/> 345 Park Avenue South, 12th floor<br \/> New York, NY 10010<br \/> <a href=\"mailto:cvardabasso@deerfield.com\">cvardabasso@deerfield.com<\/a><\/p>\n<p>[\/et_pb_blurb][\/et_pb_column][et_pb_column type=&#8221;1_3&#8243; _builder_version=&#8221;4.9.0&#8243; _module_preset=&#8221;default&#8221;][et_pb_blurb image=&#8221;https:\/\/labs.icahn.mssm.edu\/bernsteinlab2\/wp-content\/uploads\/sites\/498\/2023\/10\/Thomas-1.png&#8221; _builder_version=&#8221;4.9.0&#8243; _module_preset=&#8221;default&#8221; border_radii_image=&#8221;on|10px|10px|10px|10px&#8221;]<\/p>\n<p style=\"text-align: center\"><strong>Thomas Strub, PhD<\/strong><\/p>\n<p style=\"text-align: center\">Current Position:<br \/> Senior PostDoc<br \/> INSERM U1065 equipe 1<br \/> Centre M\u00e9diterran\u00e9en de M\u00e9decine Mol\u00e9culaire Batiment Archimed<br \/> 151 route Saint-Antoine de Ginesti\u00e8re<br \/> 06204 Nice cedex 3<br \/> Tel: +33 (0) 4 89 06 43 33<br \/> <a href=\"mailto:thomas.strub@unice.fr\" target=\"_blank\" rel=\"noopener\">thomas.strub@unice.fr<\/a><\/p>\n<p>[\/et_pb_blurb][\/et_pb_column][\/et_pb_row][et_pb_row column_structure=&#8221;1_3,1_3,1_3&#8243; _builder_version=&#8221;4.9.0&#8243; _module_preset=&#8221;default&#8221;][et_pb_column type=&#8221;1_3&#8243; _builder_version=&#8221;4.9.0&#8243; _module_preset=&#8221;default&#8221;][et_pb_blurb image=&#8221;https:\/\/labs.icahn.mssm.edu\/bernsteinlab2\/wp-content\/uploads\/sites\/498\/2023\/10\/April.png&#8221; _builder_version=&#8221;4.9.0&#8243; _module_preset=&#8221;default&#8221; border_radii_image=&#8221;on|10px|10px|10px|10px&#8221;]<\/p>\n<p style=\"text-align: center\"><strong>April Cook, PhD<\/strong><\/p>\n<p style=\"text-align: center\">Current Position:<br \/>Principal Scientist<br \/>Novo Nordisk<br \/><a href=\"mailto:aprilcook@gmail.com\">aprilcook@gmail.com<\/a><\/p>\n<p>[\/et_pb_blurb][\/et_pb_column][et_pb_column type=&#8221;1_3&#8243; _builder_version=&#8221;4.9.0&#8243; _module_preset=&#8221;default&#8221;][et_pb_blurb image=&#8221;https:\/\/labs.icahn.mssm.edu\/bernsteinlab2\/wp-content\/uploads\/sites\/498\/2023\/10\/Flavia.png&#8221; _builder_version=&#8221;4.9.0&#8243; _module_preset=&#8221;default&#8221; border_radii_image=&#8221;on|10px|10px|10px|10px&#8221;]<\/p>\n<p style=\"text-align: center\"><strong>Fl\u00e1via Ghiraldini, PhD<\/strong><\/p>\n<p style=\"text-align: center\">Current Position:<br \/> Cell Biologist<br \/> Protara Therapeutics, Inc.<br \/> 345 Park Avenue South<br \/> New York, NY 10010<\/p>\n<p>[\/et_pb_blurb][et_pb_blurb image=&#8221;https:\/\/labs.icahn.mssm.edu\/bernsteinlab\/wp-content\/uploads\/sites\/498\/2023\/10\/Postdoctoral-Fellows-Elena-Grossi-300&#215;263.jpg&#8221; _builder_version=&#8221;4.9.0&#8243; _module_preset=&#8221;default&#8221; hover_enabled=&#8221;0&#8243; border_radii_image=&#8221;on|10px|10px|10px|10px&#8221; title_text=&#8221;Postdoctoral Fellows &#8211; Elena Grossi&#8221; sticky_enabled=&#8221;0&#8243;]<\/p>\n<p style=\"text-align: center\"><strong>Elena Grossi, PhD<\/strong><\/p>\n<p style=\"text-align: center\">Current Position:<br \/>Marie\u00a0Sk\u0142odowska-Curie\u00a0Actions (MSCA) Fellow<br \/>European Institute of Oncology (IEO)<br \/>Milan, Italy<\/p>\n<p style=\"text-align: center\">[\/et_pb_blurb][\/et_pb_column][et_pb_column type=&#8221;1_3&#8243; _builder_version=&#8221;4.9.0&#8243; _module_preset=&#8221;default&#8221;][et_pb_blurb image=&#8221;https:\/\/labs.icahn.mssm.edu\/bernsteinlab\/wp-content\/uploads\/sites\/498\/2023\/10\/Sina-new.png&#8221; _builder_version=&#8221;4.9.0&#8243; _module_preset=&#8221;default&#8221; border_radii_image=&#8221;on|10px|10px|10px|10px&#8221;]<\/p>\n<p style=\"text-align: center\"><b>Sina Jostes, PhD<\/b><\/p>\n<p style=\"text-align: center\">Current Position:<br \/>Health Solution Partner Hematology-Oncology<br \/>Pfizer, Switzerland<\/p>\n<p>[\/et_pb_blurb][\/et_pb_column][\/et_pb_row][et_pb_row _builder_version=&#8221;4.9.0&#8243; _module_preset=&#8221;default&#8221;][et_pb_column type=&#8221;4_4&#8243; _builder_version=&#8221;4.9.0&#8243; _module_preset=&#8221;default&#8221;][et_pb_text _builder_version=&#8221;4.9.0&#8243; _module_preset=&#8221;default&#8221; background_color=&#8221;#141414&#8243; width=&#8221;32%&#8221; module_alignment=&#8221;center&#8221; custom_margin=&#8221;-4px|646px|0px||false|false&#8221; border_radii=&#8221;on|4px|4px|4px|4px&#8221; border_width_all=&#8221;1px&#8221; border_color_all=&#8221;#141414&#8243; box_shadow_style=&#8221;preset2&#8243; box_shadow_color=&#8221;#FFFFFF&#8221;]<\/p>\n<h3 style=\"text-align: center\"><span style=\"color: #ffffff\"><strong>Graduate Students<\/strong><\/span><\/h3>\n<p>[\/et_pb_text][\/et_pb_column][\/et_pb_row][et_pb_row column_structure=&#8221;1_3,1_3,1_3&#8243; _builder_version=&#8221;4.9.0&#8243; _module_preset=&#8221;default&#8221;][et_pb_column type=&#8221;1_3&#8243; _builder_version=&#8221;4.9.0&#8243; _module_preset=&#8221;default&#8221;][et_pb_blurb image=&#8221;https:\/\/labs.icahn.mssm.edu\/bernsteinlab2\/wp-content\/uploads\/sites\/498\/2023\/10\/Jay-1.png&#8221; _builder_version=&#8221;4.9.0&#8243; _module_preset=&#8221;default&#8221; border_radii_image=&#8221;on|10px|10px|10px|10px&#8221;]<\/p>\n<p style=\"text-align: center\"><strong>Chi-Yeh (Jay) Chung, PhD<\/strong><\/p>\n<p style=\"text-align: center\">Current Position:<br \/>Associate Director of Bioinformatics<br \/>Plexium<br \/>San Diego, CA<br \/><a href=\"mailto:jaychung0524@gmail.com\">jaychung0524@gmail.com<\/a><\/p>\n<p>[\/et_pb_blurb][\/et_pb_column][et_pb_column type=&#8221;1_3&#8243; _builder_version=&#8221;4.9.0&#8243; _module_preset=&#8221;default&#8221;][et_pb_blurb image=&#8221;https:\/\/labs.icahn.mssm.edu\/bernsteinlab2\/wp-content\/uploads\/sites\/498\/2023\/10\/David.png&#8221; _builder_version=&#8221;4.9.0&#8243; _module_preset=&#8221;default&#8221; border_radii_image=&#8221;on|10px|10px|10px|10px&#8221;]<\/p>\n<p style=\"text-align: center\"><strong>David Valle-Garcia, PhD<\/strong><\/p>\n<p style=\"text-align: center\">Current Position:<br \/> Assistant Professor<br \/> Neuroimmunology Department<br \/> National Institute of Neurology and Neurosurgery (Mexico)<br \/> <a href=\"mailto:david.valle@innn.edu.mx\">david.<span>valle<\/span>@innn.edu.mx<\/a><\/p>\n<p>[\/et_pb_blurb][\/et_pb_column][et_pb_column type=&#8221;1_3&#8243; _builder_version=&#8221;4.9.0&#8243; _module_preset=&#8221;default&#8221;][et_pb_blurb image=&#8221;https:\/\/labs.icahn.mssm.edu\/bernsteinlab2\/wp-content\/uploads\/sites\/498\/2023\/10\/Zulekha.png&#8221; _builder_version=&#8221;4.9.0&#8243; _module_preset=&#8221;default&#8221; border_radii_image=&#8221;on|10px|10px|10px|10px&#8221;]<\/p>\n<p style=\"text-align: center\"><strong>Zulekha Qadeer, PhD<\/strong><\/p>\n<p style=\"text-align: center\">Current Position:<br \/> Postdoctoral Scholar<br \/> William A. Weiss Laboratory<br \/> University of California San Francisco<br \/> <em>Zulekha was supported by: Department of Defense Peer Reviewed Cancer Research Program Horizon Award (2016-2017)<br \/> <\/em><a href=\"mailto:zulekha.qadeer@ucsf.edu\">zulekha.qadeer@ucsf.edu<\/a><\/p>\n<p>[\/et_pb_blurb][\/et_pb_column][\/et_pb_row][et_pb_row column_structure=&#8221;1_3,1_3,1_3&#8243; _builder_version=&#8221;4.9.0&#8243; _module_preset=&#8221;default&#8221;][et_pb_column type=&#8221;1_3&#8243; _builder_version=&#8221;4.9.0&#8243; _module_preset=&#8221;default&#8221;][et_pb_blurb image=&#8221;https:\/\/labs.icahn.mssm.edu\/bernsteinlab2\/wp-content\/uploads\/sites\/498\/2023\/12\/Zhen-headshot-cropped.jpg&#8221; _builder_version=&#8221;4.9.0&#8243; _module_preset=&#8221;default&#8221; border_radii_image=&#8221;on|10px|10px|10px|10px&#8221;]<\/p>\n<p style=\"text-align: center\"><strong>Zhen Sun, PhD<\/strong><\/p>\n<p style=\"text-align: center\">Current Position:<br \/>Charles Sawyers lab<br \/>Human Oncology and Pathogenesis Program<br \/>Memorial Sloan Kettering Cancer Center<br \/>408 E 69th St, Z619, New York, NY 10065<br \/><a href=\"mailto:sunz@mskcc.org\">sunz@mskcc.org<\/a><\/p>\n<p>[\/et_pb_blurb][\/et_pb_column][et_pb_column type=&#8221;1_3&#8243; _builder_version=&#8221;4.9.0&#8243; _module_preset=&#8221;default&#8221;][et_pb_blurb image=&#8221;https:\/\/labs.icahn.mssm.edu\/bernsteinlab2\/wp-content\/uploads\/sites\/498\/2023\/10\/Saul.png&#8221; _builder_version=&#8221;4.9.0&#8243; _module_preset=&#8221;default&#8221; border_radii_image=&#8221;on|10px|10px|10px|10px&#8221;]<\/p>\n<p style=\"text-align: center\"><strong>Saul Carcamo, PhD<\/strong><\/p>\n<p style=\"text-align: center\">Current Position:<br \/> Bioinformatician<br \/> Bioinformatics for Next Generation Sequencing (BiNGS) core<br \/> Tisch Cancer Institute at Mount Sinai<br \/> <a href=\"mailto:saul.carcamo@mssm.edu\">saul.carcamo@mssm.edu<\/a><\/p>\n<p>[\/et_pb_blurb][et_pb_blurb image=&#8221;https:\/\/labs.icahn.mssm.edu\/bernsteinlab\/wp-content\/uploads\/sites\/498\/2023\/10\/Anisha-new.png&#8221; _builder_version=&#8221;4.9.0&#8243; _module_preset=&#8221;default&#8221; border_radii_image=&#8221;on|10px|10px|10px|10px&#8221;]<\/p>\n<p style=\"text-align: center\"><strong>Anisha Cooke, PhD<\/strong><\/p>\n<p>&nbsp;<\/p>\n<p>[\/et_pb_blurb][\/et_pb_column][et_pb_column type=&#8221;1_3&#8243; _builder_version=&#8221;4.9.0&#8243; _module_preset=&#8221;default&#8221;][et_pb_blurb image=&#8221;https:\/\/labs.icahn.mssm.edu\/bernsteinlab2\/wp-content\/uploads\/sites\/498\/2023\/10\/Christie.png&#8221; _builder_version=&#8221;4.9.0&#8243; _module_preset=&#8221;default&#8221; border_radii_image=&#8221;on|10px|10px|10px|10px&#8221;]<\/p>\n<p style=\"text-align: center\"><strong>Christie Nguyen, MD\/PhD<\/strong><\/p>\n<p style=\"text-align: center\">Current Position:<br \/>MSTP Program (Completing MD portion)<br \/>Icahn School of Medicine at Mount Sinai<br \/><a href=\"mailto:christie.ryba@icahn.mssm.edu\">christie.ryba@icahn.mssm.edu<\/a><\/p>\n<p>[\/et_pb_blurb][\/et_pb_column][\/et_pb_row][et_pb_row _builder_version=&#8221;4.9.0&#8243; _module_preset=&#8221;default&#8221;][et_pb_column type=&#8221;4_4&#8243; _builder_version=&#8221;4.9.0&#8243; _module_preset=&#8221;default&#8221;][et_pb_text _builder_version=&#8221;4.9.0&#8243; _module_preset=&#8221;default&#8221; background_color=&#8221;#141414&#8243; width=&#8221;32%&#8221; module_alignment=&#8221;center&#8221; custom_margin=&#8221;-4px|646px|0px||false|false&#8221; border_radii=&#8221;on|4px|4px|4px|4px&#8221; border_width_all=&#8221;1px&#8221; border_color_all=&#8221;#141414&#8243; box_shadow_style=&#8221;preset2&#8243; box_shadow_color=&#8221;#FFFFFF&#8221;]<\/p>\n<h3 style=\"text-align: center\"><span style=\"color: #ffffff\"><strong>School of Medicine Students<\/strong><\/span><\/h3>\n<p>[\/et_pb_text][\/et_pb_column][\/et_pb_row][et_pb_row _builder_version=&#8221;4.9.0&#8243; _module_preset=&#8221;default&#8221;][et_pb_column type=&#8221;4_4&#8243; _builder_version=&#8221;4.9.0&#8243; _module_preset=&#8221;default&#8221;][et_pb_blurb image=&#8221;https:\/\/labs.icahn.mssm.edu\/bernsteinlab2\/wp-content\/uploads\/sites\/498\/2023\/10\/Joanna-1.png&#8221; _builder_version=&#8221;4.9.0&#8243; _module_preset=&#8221;default&#8221; border_radii_image=&#8221;on|10px|10px|10px|10px&#8221;]<\/p>\n<div class=\"entry-content\">\n<p style=\"text-align: center\"><strong>Joanna Dong, MD<\/strong><\/p>\n<p style=\"text-align: center\">Joanna\u2019s work focused on elucidating the H2A.Z-mediated regulation and pathogenesis of melanoma. H2A.Z is a histone variant with many interactors, including histone chaperone complexes and transcriptional regulators, with translational potential in melanoma pharmacotherapeutic development. She used loss-of-function screens and co-immunoprecipitation studies to establish the functional roles of these H2A.Z interactors in melanoma cells.<\/p>\n<\/div>\n<div class=\"entry-content\" style=\"text-align: center\"><em>Joanna was supported by: HHMI Medical Research Fellows Award (2016-2017)<\/em><\/div>\n<p>[\/et_pb_blurb][\/et_pb_column][\/et_pb_row][et_pb_row _builder_version=&#8221;4.9.0&#8243; _module_preset=&#8221;default&#8221;][et_pb_column type=&#8221;4_4&#8243; _builder_version=&#8221;4.9.0&#8243; _module_preset=&#8221;default&#8221;][et_pb_divider color=&#8221;#141414&#8243; _builder_version=&#8221;4.9.0&#8243; _module_preset=&#8221;default&#8221; custom_padding=&#8221;2px|||||&#8221;][\/et_pb_divider][\/et_pb_column][\/et_pb_row][\/et_pb_section][et_pb_section fb_built=&#8221;1&#8243; disabled_on=&#8221;off|off|off&#8221; admin_label=&#8221;Footer Fullwidth &#8211; Section 13&#8243; module_class=&#8221;footer-section&#8221; _builder_version=&#8221;4.9.0&#8243; background_color=&#8221;#FFFFFF&#8221; use_background_color_gradient=&#8221;on&#8221; background_color_gradient_start=&#8221;#ffffff&#8221; background_color_gradient_end=&#8221;#ffffff&#8221; background_image=&#8221;https:\/\/labs.icahn.mssm.edu\/bernsteinlab2\/wp-content\/uploads\/sites\/498\/2022\/10\/Rectangle-3.png&#8221; background_enable_image=&#8221;off&#8221; max_width=&#8221;100%&#8221; max_width_tablet=&#8221;&#8221; max_width_phone=&#8221;&#8221; max_width_last_edited=&#8221;on|phone&#8221; module_alignment=&#8221;center&#8221; custom_margin=&#8221;42px|||176px|false|false&#8221; custom_padding=&#8221;3px|0px|0px|0px|false|false&#8221; animation_style=&#8221;slide&#8221; animation_direction=&#8221;bottom&#8221; animation_intensity_slide=&#8221;14%&#8221; animation_starting_opacity=&#8221;100%&#8221; saved_tabs=&#8221;all&#8221; locked=&#8221;off&#8221; collapsed=&#8221;on&#8221;][et_pb_row _builder_version=&#8221;4.9.0&#8243; background_color=&#8221;#FFFFFF&#8221; background_color_gradient_direction=&#8221;38deg&#8221; module_alignment=&#8221;center&#8221; custom_margin=&#8221;|auto||147px||&#8221; locked=&#8221;off&#8221; collapsed=&#8221;on&#8221;][et_pb_column type=&#8221;4_4&#8243; _builder_version=&#8221;3.25&#8243; custom_padding=&#8221;|||&#8221; custom_padding__hover=&#8221;|||&#8221;][et_pb_social_media_follow icon_color=&#8221;#00AEEF&#8221; _builder_version=&#8221;4.9.0&#8243; _module_preset=&#8221;default&#8221; background_color=&#8221;RGBA(0,0,0,0)&#8221; text_orientation=&#8221;center&#8221; custom_margin=&#8221;||17px|||&#8221;][et_pb_social_media_follow_network social_network=&#8221;twitter&#8221; url=&#8221;https:\/\/twitter.com\/bernstein_lab&#8221; use_icon_font_size=&#8221;on&#8221; icon_font_size=&#8221;24px&#8221; _builder_version=&#8221;4.9.0&#8243; _module_preset=&#8221;default&#8221; background_color=&#8221;RGBA(0,0,0,0)&#8221; background_enable_color=&#8221;on&#8221;]twitter[\/et_pb_social_media_follow_network][\/et_pb_social_media_follow][et_pb_text _builder_version=&#8221;4.9.0&#8243; _module_preset=&#8221;default&#8221; text_text_color=&#8221;#FFFFFF&#8221; text_font_size=&#8221;24px&#8221;]<\/p>\n<p style=\"text-align: center\"><span style=\"color: #000000\"><strong>Contact Us<\/strong><\/span><\/p>\n<p>[\/et_pb_text][\/et_pb_column][\/et_pb_row][et_pb_row column_structure=&#8221;1_3,1_3,1_3&#8243; _builder_version=&#8221;4.9.0&#8243; background_color=&#8221;#FFFFFF&#8221; background_color_gradient_direction=&#8221;38deg&#8221; module_alignment=&#8221;center&#8221; custom_margin=&#8221;|auto|-2px|auto||&#8221; custom_padding=&#8221;0px||104px|||&#8221; locked=&#8221;off&#8221; collapsed=&#8221;on&#8221;][et_pb_column type=&#8221;1_3&#8243; _builder_version=&#8221;4.9.0&#8243; custom_padding=&#8221;|||&#8221; custom_padding__hover=&#8221;|||&#8221;][et_pb_text _builder_version=&#8221;4.9.0&#8243; _module_preset=&#8221;default&#8221; text_font=&#8221;||||||||&#8221; text_text_color=&#8221;#FFFFFF&#8221; text_line_height=&#8221;22px&#8221; background_color=&#8221;#FFFFFF&#8221;]<\/p>\n<p><span style=\"color: #141414\"><a style=\"color: #141414\" href=\"https:\/\/labs.icahn.mssm.edu\/design\"><strong>Resources<\/strong><\/a><\/span><\/p>\n<p><a href=\"https:\/\/icahn.mssm.edu\/about\/departments\/oncological-sciences?pk_vid=99d97a63a4704bc316963459161f7a93\" target=\"_blank\" rel=\"noopener noreferrer\"><span>Department of Oncological Sciences<\/span><\/a><br \/> <a href=\"https:\/\/icahn.mssm.edu\/research\/black-family-stem-cell\" target=\"_blank\" rel=\"noopener noreferrer\"><span>Black Family Stem Cell Institute<\/span><\/a><br \/> <a href=\"https:\/\/icahn.mssm.edu\/research\/tisch\" target=\"_blank\" rel=\"noopener noreferrer\"><span>Tisch Cancer Institute<\/span><\/a><br \/> <a href=\"https:\/\/icahn.mssm.edu\/about\/departments\/dermatology\" target=\"_blank\" rel=\"noopener noreferrer\">Department of Dermatology<\/a><br \/> <a href=\"https:\/\/icahn.mssm.edu\/education\/graduate\" target=\"_blank\" rel=\"noopener noreferrer\"><span>Graduate School of Biomedical Sciences<\/span><\/a><\/p>\n<p><a href=\"https:\/\/icahn.mssm.edu\/\" target=\"_blank\" rel=\"noopener noreferrer\"><img loading=\"lazy\" decoding=\"async\" src=\"https:\/\/labs.icahn.mssm.edu\/bernsteinlab2\/wp-content\/uploads\/sites\/498\/2022\/07\/MSSMLogo.png\" width=\"276\" height=\"54\" alt=\"MSSMLogo\" class=\"wp-image-315 alignnone size-full\" srcset=\"https:\/\/labs.icahn.mssm.edu\/bernsteinlab\/wp-content\/uploads\/sites\/498\/2022\/07\/MSSMLogo.png 353w, https:\/\/labs.icahn.mssm.edu\/bernsteinlab\/wp-content\/uploads\/sites\/498\/2022\/07\/MSSMLogo-300x59.png 300w\" sizes=\"(max-width: 276px) 100vw, 276px\" \/><\/a><\/p>\n<p>[\/et_pb_text][\/et_pb_column][et_pb_column type=&#8221;1_3&#8243; _builder_version=&#8221;3.25&#8243; custom_padding=&#8221;|||&#8221; custom_padding__hover=&#8221;|||&#8221;][et_pb_text _builder_version=&#8221;4.9.0&#8243; text_font=&#8221;||||||||&#8221; text_text_color=&#8221;#FFFFFF&#8221; text_line_height=&#8221;1.25em&#8221; header_font=&#8221;||||||||&#8221; header_4_font=&#8221;|700||on|||||&#8221; header_4_font_size=&#8221;16px&#8221; header_4_letter_spacing=&#8221;1px&#8221; header_4_line_height=&#8221;1.5em&#8221; background_color=&#8221;#FFFFFF&#8221; background_layout=&#8221;dark&#8221; locked=&#8221;off&#8221;]<\/p>\n<p><span style=\"color: #000000\"><strong>E-mail<br \/> <\/strong><a href=\"mailto:emily.bernstein@mssm.edu\" target=\"_blank\" rel=\"noopener noreferrer\">emily.bernstein@mssm.edu<\/a><\/span><\/p>\n<p><span style=\"color: #000000\"><strong>Phone<br \/> <\/strong>Tel: 212-824-9335<\/p>\n<p><\/span><\/p>\n<p>[\/et_pb_text][\/et_pb_column][et_pb_column type=&#8221;1_3&#8243; _builder_version=&#8221;3.25&#8243; custom_padding=&#8221;|||&#8221; custom_padding__hover=&#8221;|||&#8221;][et_pb_text _builder_version=&#8221;4.9.0&#8243; text_font=&#8221;||||||||&#8221; text_text_color=&#8221;#FFFFFF&#8221; text_line_height=&#8221;1.25em&#8221; header_font=&#8221;||||||||&#8221; header_4_font=&#8221;|700||on|||||&#8221; header_4_font_size=&#8221;16px&#8221; header_4_letter_spacing=&#8221;1px&#8221; header_4_line_height=&#8221;1.5em&#8221; background_layout=&#8221;dark&#8221; locked=&#8221;off&#8221;]<\/p>\n<p><span style=\"color: #000000\"><strong>Lab Address <\/strong><\/span><br \/><span style=\"color: #000000\"> Department of Oncological Sciences<\/span><br \/><span style=\"color: #000000\"> Icahn School of Medicine at Mount Sinai<\/span><br \/><span style=\"color: #000000\"> One Gustave L. Levy Place, Box 1044A<\/span><br \/><span style=\"color: #000000\"> New York, NY 10029<\/span><\/p>\n<p><span style=\"color: #000000\"><strong>Administrative Assistant<\/strong><\/span><br \/><span style=\"color: #000000\"> Genevieve Joseph, PhD<\/span><br \/><span style=\"color: #000000\"> Tel: 212-824-9367<\/span><br \/> <span><span style=\"color: #000000\">E-mail:<\/span> <a href=\"mailto:genevieve.joseph@mssm.edu\">genevieve.joseph@mssm.edu<\/a><\/span><\/p>\n<p>[\/et_pb_text][\/et_pb_column][\/et_pb_row][\/et_pb_section]<\/p>\n","protected":false},"excerpt":{"rendered":"<p>Bernstein Lab AlumniPostdoctoral Fellows and InstructorsAlexandre Gaspar-Maia, PhD Current Position: Assistant Professor Laboratory of Functional Epigenomics Mayo Clinic Stabile 12-14 200 First Street SW Rochester MN 55905 Maia.Alexandre@mayo.edu\u00a0\u00a0 (507) 293-2464Chiara Vardabasso, PhD Current Position: Principal ScientistPreclinical Pharmacology Deerfield Discovery and Development 345 Park Avenue South, 12th floor New York, NY 10010 cvardabasso@deerfield.comThomas Strub, PhD Current [&hellip;]<\/p>\n","protected":false},"author":393,"featured_media":0,"parent":0,"menu_order":0,"comment_status":"closed","ping_status":"closed","template":"","meta":{"_et_pb_use_builder":"on","_et_pb_old_content":"","_et_gb_content_width":"","inline_featured_image":false,"footnotes":""},"class_list":["post-4741","page","type-page","status-publish","hentry"],"aioseo_notices":[],"_links":{"self":[{"href":"https:\/\/labs.icahn.mssm.edu\/bernsteinlab\/wp-json\/wp\/v2\/pages\/4741","targetHints":{"allow":["GET"]}}],"collection":[{"href":"https:\/\/labs.icahn.mssm.edu\/bernsteinlab\/wp-json\/wp\/v2\/pages"}],"about":[{"href":"https:\/\/labs.icahn.mssm.edu\/bernsteinlab\/wp-json\/wp\/v2\/types\/page"}],"author":[{"embeddable":true,"href":"https:\/\/labs.icahn.mssm.edu\/bernsteinlab\/wp-json\/wp\/v2\/users\/393"}],"replies":[{"embeddable":true,"href":"https:\/\/labs.icahn.mssm.edu\/bernsteinlab\/wp-json\/wp\/v2\/comments?post=4741"}],"version-history":[{"count":95,"href":"https:\/\/labs.icahn.mssm.edu\/bernsteinlab\/wp-json\/wp\/v2\/pages\/4741\/revisions"}],"predecessor-version":[{"id":6407,"href":"https:\/\/labs.icahn.mssm.edu\/bernsteinlab\/wp-json\/wp\/v2\/pages\/4741\/revisions\/6407"}],"wp:attachment":[{"href":"https:\/\/labs.icahn.mssm.edu\/bernsteinlab\/wp-json\/wp\/v2\/media?parent=4741"}],"curies":[{"name":"wp","href":"https:\/\/api.w.org\/{rel}","templated":true}]}}